{"id":14548,"date":"2024-09-18T11:20:10","date_gmt":"2024-09-18T08:20:10","guid":{"rendered":"https:\/\/maadcenter.co\/?post_type=product&#038;p=14548"},"modified":"2026-01-05T17:39:34","modified_gmt":"2026-01-05T14:39:34","slug":"notebook-cute","status":"publish","type":"product","link":"https:\/\/maadcenter.co\/krd\/shop-2\/notebooks\/cute-notebooks\/notebook-cute\/","title":{"rendered":"\u062f\u06d5\u0641\u062a\u06d5\u0631\"\u062c\u0648\u0627\u0646\u06a9\u06cc\u0644\u06d5\""},"content":{"rendered":"<p data-start=\"143\" data-end=\"466\">\u062f\u06d5\u0641\u062a\u06d5\u0631 \u06cc\u0627\u062f\u0627\u0634\u062a\u06cc \u0695\u06d5\u0646\u06af\u06cc Keskin \u06a9\u0631\u062f\u0627\u0631\u06cc \u0648 \u0645\u06c6\u062f\u06ce\u0644\u06d5\u060c \u0628\u06c6 \u062f\u0627\u0628\u06cc\u0646\u06a9\u0631\u062f\u0646\u06cc \u067e\u06ce\u062f\u0627\u0648\u06cc\u0633\u062a\u06cc\u06cc\u06d5\u06a9\u0627\u0646\u06cc \u0642\u0648\u062a\u0627\u0628\u06cc\u0627\u0646\u060c \u06af\u06d5\u0646\u062c\u0627\u0646 \u0648 \u062f\u0627\u0647\u06ce\u0646\u06d5\u0631\u0627\u0646\u06cc \u062a\u06d5\u0645\u06d5\u0646 10 \u0628\u06c6 20 \u0633\u0627\u06b5 \u0648 \u0633\u06d5\u0631\u0648\u0648\u062a\u0631 \u062f\u06cc\u0632\u0627\u06cc\u0646 \u06a9\u0631\u0627\u0648\u06d5. \u0628\u06c6 \u0628\u06d5\u06a9\u0627\u0631\u0647\u06ce\u0646\u0627\u0646\u06cc \u0695\u06c6\u0698\u0627\u0646\u06d5\u060c \u062f\u06d5\u0641\u062a\u06d5\u0631 \u06cc\u0627\u062f\u0627\u0634\u062a\u06d5\u06a9\u06d5 \u0633\u0648\u0648\u062f \u0648 \u06a9\u0648\u0627\u0644\u06cc\u062a\u06cc \u062a\u06ce\u06a9\u06d5\u06b5 \u062f\u06d5\u06a9\u0627\u062a\u060c \u06cc\u0627\u0631\u0645\u06d5\u062a\u06cc\u062a \u062f\u06d5\u062f\u0627\u062a \u0628\u06cc\u0631\u06c6\u06a9\u06d5\u06a9\u0627\u0646\u062a \u0695\u06ce\u06a9\u0628\u062e\u06d5\u06cc\u062a\u060c \u062a\u06ce\u0628\u06cc\u0646\u06cc\u06d5\u06a9\u0627\u0646\u062a \u0628\u0646\u0648\u0648\u0633\u06cc\u062a\u060c \u06cc\u0627\u0646 \u062e\u06d5\u06cc\u0627\u06b5\u062a \u0628\u06d5 \u0626\u0627\u0633\u0627\u0646\u06cc \u0626\u0627\u0632\u0627\u062f \u0628\u06a9\u06d5\u06cc\u062a.<\/p>\n<p data-start=\"468\" data-end=\"485\"><strong data-start=\"468\" data-end=\"485\">\u062a\u0627\u06cc\u0628\u06d5\u062a\u0645\u06d5\u0646\u062f\u06cc\u06cc\u06d5 \u0633\u06d5\u0631\u06d5\u06a9\u06cc\u06cc\u06d5\u06a9\u0627\u0646:<\/strong><\/p>\n<ul data-start=\"487\" data-end=\"1664\">\n<li data-start=\"487\" data-end=\"680\">\n<p data-start=\"489\" data-end=\"680\"><strong data-start=\"489\" data-end=\"501\">\u0642\u06d5\u0628\u0627\u0631\u06d5: A5<\/strong> \u0642\u06d5\u0628\u0627\u0631\u06d5\u06cc \u0628\u0686\u0648\u0648\u06a9\u06cc A5 \u0648\u0627\u06cc \u0644\u06ce\u062f\u06d5\u06a9\u0627\u062a \u06af\u0648\u0646\u062c\u0627\u0648 \u0628\u06ce\u062a \u0628\u06c6 \u0647\u06d5\u06b5\u06af\u0631\u062a\u0646\u06cc \u062c\u0627\u0646\u062a\u0627\u06cc \u0642\u0648\u062a\u0627\u0628\u062e\u0627\u0646\u06d5\u060c \u062c\u0627\u0646\u062a\u0627\u06cc \u06a9\u06d5\u0633\u06cc \u06cc\u0627\u0646 \u062c\u0632\u062f\u0627\u0646. \u0626\u06d5\u0648\u06d5\u0646\u062f\u06d5 \u0628\u0686\u0648\u0648\u06a9\u06d5 \u06a9\u06d5 \u0628\u06d5 \u0626\u0627\u0633\u0627\u0646\u06cc \u0647\u06d5\u06b5\u0628\u06af\u06cc\u0631\u06ce\u062a\u060c \u0628\u06d5\u06b5\u0627\u0645 \u0626\u06d5\u0648\u06d5\u0646\u062f\u06d5 \u06af\u06d5\u0648\u0631\u06d5\u06cc\u06d5 \u06a9\u06d5 \u0628\u06c6\u0634\u0627\u06cc\u06cc \u0641\u0631\u0627\u0648\u0627\u0646\u06cc \u0646\u0648\u0648\u0633\u06cc\u0646 \u062f\u0627\u0628\u06cc\u0646 \u0628\u06a9\u0627\u062a.<\/p>\n<\/li>\n<li data-start=\"682\" data-end=\"889\">\n<p data-start=\"684\" data-end=\"889\"><strong data-start=\"684\" data-end=\"700\">R\u00fbpel\u00ean bi x\u00eaz:<\/strong> \u0647\u06d5\u0631 \u067e\u06d5\u0695\u06d5\u06cc\u06d5\u06a9\u06cc \u0647\u06ce\u06b5\u062f\u0627\u0631 \u067e\u06ce\u06a9\u0647\u0627\u062a\u06d5\u062a \u067e\u06ce \u062f\u06d5\u0628\u06d5\u062e\u0634\u06ce\u062a \u0648 \u06cc\u0627\u0631\u0645\u06d5\u062a\u06cc\u062a \u062f\u06d5\u062f\u0627\u062a \u0628\u06d5 \u0631\u06ce\u06a9\u0648\u067e\u06ce\u06a9\u06cc \u0648 \u0695\u0648\u0648\u0646 \u0628\u0646\u0648\u0648\u0633\u06cc\u062a. \u0632\u06c6\u0631 \u0628\u0627\u0634\u06d5 \u0628\u06c6 \u0646\u0648\u0648\u0633\u06cc\u0646\u06cc \u062a\u06ce\u0628\u06cc\u0646\u06cc\u060c \u0646\u0648\u0648\u0633\u06cc\u0646\u06cc \u06cc\u0627\u062f\u0627\u0634\u062a\u060c \u06cc\u0627\u0646 \u067e\u0644\u0627\u0646\u062f\u0627\u0646\u0627\u0646\u060c \u0648 \u062f\u06ce\u0695\u06d5\u06a9\u0627\u0646 \u06cc\u0627\u0631\u0645\u06d5\u062a\u06cc\u062f\u06d5\u0631\u0646 \u0628\u06c6 \u067e\u0627\u0631\u0627\u0633\u062a\u0646\u06cc \u0695\u06ce\u06a9\u062e\u0633\u062a\u0646 \u0648 \u062e\u0648\u06ce\u0646\u062f\u0646\u06d5\u0648\u06d5.<\/p>\n<\/li>\n<li data-start=\"891\" data-end=\"1165\">\n<p data-start=\"893\" data-end=\"1165\"><strong data-start=\"893\" data-end=\"912\">Gir\u00eadana Spiral:<\/strong> \u0628\u06d5\u0633\u062a\u0646\u06d5\u0648\u06d5\u06cc \u0644\u0648\u0648\u0644\u067e\u06ce\u0686\u06cc \u0628\u06d5\u0647\u06ce\u0632 \u0695\u06ce\u06af\u06d5 \u0628\u06d5 \u062f\u06d5\u0641\u062a\u06d5\u0631 \u06cc\u0627\u062f\u0627\u0634\u062a\u06d5\u06a9\u06d5 \u062f\u06d5\u062f\u0627\u062a \u0628\u06d5 \u062a\u06d5\u062e\u062a\u06cc \u06cc\u0627\u0646 \u0628\u06d5\u062a\u06d5\u0648\u0627\u0648\u06cc \u0642\u06d5\u062f\u0628\u06a9\u0631\u06ce\u062a\u060c \u0648\u0627\u062f\u06d5\u06a9\u0627\u062a \u0646\u0648\u0648\u0633\u06cc\u0646 \u0626\u0627\u0633\u0648\u0648\u062f\u06d5 \u0628\u06ce\u062a \u0644\u06d5\u0633\u06d5\u0631 \u0645\u06ce\u0632\u06ce\u06a9 \u06cc\u0627\u0646 \u0644\u06d5 \u06a9\u0627\u062a\u06cc \u0695\u06c6\u06cc\u0634\u062a\u0646\u062f\u0627. \u062f\u06b5\u0646\u06cc\u0627\u06cc\u06cc \u062f\u06d5\u062f\u0627\u062a \u06a9\u06d5 \u067e\u06d5\u0695\u06d5\u06a9\u0627\u0646 \u0628\u06d5 \u067e\u0627\u0631\u06ce\u0632\u0631\u0627\u0648\u06cc \u062f\u06d5\u0645\u06ce\u0646\u0646\u06d5\u0648\u06d5 \u0648 \u0644\u06d5 \u0647\u06d5\u0645\u0627\u0646 \u06a9\u0627\u062a\u062f\u0627 \u0695\u06ce\u06af\u06d5 \u0628\u06d5 \u062f\u06d5\u0633\u062a\u06af\u06d5\u06cc\u0634\u062a\u0646\u06cc \u0626\u0627\u0633\u0627\u0646 \u0628\u06c6 \u0647\u06d5\u0631 \u067e\u06d5\u0695\u06d5\u06cc\u06d5\u06a9 \u062f\u06d5\u062f\u0627\u062a.<\/p>\n<\/li>\n<li data-start=\"1167\" data-end=\"1402\">\n<p data-start=\"1169\" data-end=\"1402\"><strong data-start=\"1169\" data-end=\"1184\">\u0661\u0660\u0660 \u067e\u06d5\u0695\u06d5\u06cc\u06cc<\/strong> \u0626\u06d5\u0645\u06d5 \u062f\u06d5\u0641\u062a\u06d5\u0631 \u06cc\u0627\u062f\u0627\u0634\u062a\u06ce\u06a9\u06cc 100 \u0644\u0627\u067e\u06d5\u0695\u06d5\u06cc\u06cc\u06d5 \u0628\u06d5 \u06a9\u0648\u0627\u0644\u06ce\u062a\u06cc\u06cc\u06d5\u06a9\u06cc \u0628\u0627\u0634\u060c \u0628\u06c6\u0634\u0627\u06cc\u06cc \u0632\u06c6\u0631\u062a \u067e\u06ce\u062f\u06d5\u0628\u06d5\u062e\u0634\u06ce\u062a \u0628\u06c6 \u0647\u06d5\u0645\u0648\u0648 \u062a\u06ce\u0628\u06cc\u0646\u06cc\u06d5\u06a9\u0627\u0646\u062a\u060c \u0628\u06cc\u0631\u06c6\u06a9\u06d5\u06a9\u0627\u0646\u062a\u060c \u0646\u06cc\u06af\u0627\u0631\u06d5\u06a9\u0627\u0646\u062a\u060c \u06cc\u0627\u0646 \u0626\u06d5\u0631\u06a9\u06d5\u06a9\u0627\u0646\u062a. \u06a9\u0627\u063a\u06d5\u0632\u06cc \u0626\u06d5\u0633\u062a\u0648\u0648\u0631 \u062e\u0648\u06ce\u0646 \u0644\u06ce\u0628\u0648\u0648\u0646\u06cc \u0645\u06d5\u0631\u06d5\u06a9\u06d5\u0628 \u06a9\u06d5\u0645 \u062f\u06d5\u06a9\u0627\u062a\u06d5\u0648\u06d5\u060c \u0628\u06c6\u06cc\u06d5 \u062f\u06d5\u062a\u0648\u0627\u0646\u06cc\u062a \u0628\u06d5 \u0626\u0627\u0633\u0627\u0646\u06cc \u067e\u06ce\u0646\u0648\u0648\u0633 \u0648 \u0642\u06d5\u06b5\u06d5\u0645 \u0648 \u0646\u06cc\u0634\u0627\u0646\u06a9\u06d5\u0631 \u0628\u06d5\u06a9\u0627\u0631\u0628\u06ce\u0646\u06cc\u062a.<\/p>\n<\/li>\n<li data-start=\"1404\" data-end=\"1664\">\n<p data-start=\"1406\" data-end=\"1664\"><strong data-start=\"1406\" data-end=\"1430\">\u062a\u06d5\u0645\u06d5\u0646 \u0644\u06d5 \u0646\u06ce\u0648\u0627\u0646 10 \u0628\u06c6 \u0633\u06d5\u0631\u0648\u0648 20 \u0633\u0627\u06b5:<\/strong> \u0628\u06c6 \u0647\u06d5\u0645\u0648\u0648 \u0628\u06d5\u06a9\u0627\u0631\u0647\u06ce\u0646\u06d5\u0631\u0627\u0646 \u06af\u0648\u0646\u062c\u0627\u0648\u06d5\u060c \u0644\u06d5 \u062e\u0648\u06ce\u0646\u062f\u06a9\u0627\u0631\u0627\u0646\u06cc \u0646\u0627\u0648\u06d5\u0646\u062f\u06cc \u0648 \u0626\u0627\u0645\u0627\u062f\u06d5\u06cc\u06cc\u06d5\u0648\u06d5 \u062a\u0627 \u062e\u0648\u06ce\u0646\u062f\u06a9\u0627\u0631\u0627\u0646\u06cc \u0632\u0627\u0646\u06a9\u06c6 \u0648 \u06af\u06d5\u0646\u062c\u0627\u0646\u06cc \u06a9\u0627\u0631\u06a9\u06d5\u0631. \u062f\u06cc\u0632\u0627\u06cc\u0646 \u0648 \u062a\u0627\u06cc\u0628\u06d5\u062a\u0645\u06d5\u0646\u062f\u06cc\u06d5\u06a9\u0627\u0646 \u067e\u06ce\u062f\u0627\u0648\u06cc\u0633\u062a\u06cc\u06cc\u06d5 \u062c\u06cc\u0627\u0648\u0627\u0632\u06d5\u06a9\u0627\u0646 \u062f\u0627\u0628\u06cc\u0646 \u062f\u06d5\u06a9\u06d5\u0646 \u0648 \u0647\u0627\u0646\u06cc \u062f\u0627\u0647\u06ce\u0646\u0627\u0646 \u0648 \u0631\u06ce\u06a9\u062e\u0633\u062a\u0646 \u062f\u06d5\u062f\u06d5\u0646 \u0644\u06d5 \u0647\u06d5\u0631 \u062a\u06d5\u0645\u06d5\u0646\u06ce\u06a9\u062f\u0627.<\/p>\n<\/li>\n<\/ul>","protected":false},"excerpt":{"rendered":"<p><strong>\u062f\u06d5\u0641\u062a\u06d5\u0631 \u06cc\u0627\u062f\u0627\u0634\u062a\u06cc \u0695\u06d5\u0646\u06af\u0627\u0648\u0695\u06d5\u0646\u06af\u06cc Keskin<\/strong><\/p>\n<p>\u062f\u06d5\u0641\u062a\u06d5\u0631 \u06cc\u0627\u062f\u0627\u0634\u062a\u06cc Keskin Color A5 \u0632\u06c6\u0631 \u06af\u0648\u0646\u062c\u0627\u0648\u06d5 \u0628\u06c6 \u0642\u0648\u062a\u0627\u0628\u06cc\u0627\u0646 \u0648 \u06af\u06d5\u0646\u062c\u0627\u0646\u06cc \u062a\u06d5\u0645\u06d5\u0646 10 \u0628\u06c6 20+. 100 \u0644\u0627\u067e\u06d5\u0695\u06d5\u06cc \u06cc\u0627\u0633\u0627\u06cc\u06cc \u0647\u06d5\u06cc\u06d5\u060c \u0628\u06d5 \u0644\u0648\u0648\u0644\u067e\u06ce\u0686\u06ce\u06a9\u06cc \u0628\u06d5\u0647\u06ce\u0632 \u0628\u06d5\u0633\u062a\u0631\u0627\u0648\u06d5\u062a\u06d5\u0648\u06d5 \u06a9\u06d5 \u0695\u06ce\u06af\u06d5 \u0628\u06d5 \u062f\u06d5\u0641\u062a\u06d5\u0631 \u06cc\u0627\u062f\u0627\u0634\u062a\u06d5\u06a9\u06d5 \u062f\u06d5\u062f\u0627\u062a \u0628\u06d5 \u0626\u0627\u0633\u0627\u0646\u06cc \u0628\u0646\u0648\u0648\u0633\u06ce\u062a. \u0628\u0686\u0648\u0648\u06a9 \u0648 \u06af\u0648\u0627\u0633\u062a\u0631\u0627\u0648\u06d5\u060c \u0632\u06c6\u0631 \u0628\u0627\u0634\u06d5 \u0628\u06c6 \u0646\u0648\u0648\u0633\u06cc\u0646\u06cc \u062a\u06ce\u0628\u06cc\u0646\u06cc\u060c \u0646\u0648\u0648\u0633\u06cc\u0646\u06cc \u0695\u06c6\u0698\u0646\u0627\u0645\u06d5\u060c \u06cc\u0627\u0646 \u0695\u06ce\u06a9\u062e\u0633\u062a\u0646\u06cc \u0628\u06cc\u0631\u06c6\u06a9\u06d5\u06a9\u0627\u0646\u062a \u0628\u06c6 \u0647\u06d5\u0631 \u0634\u0648\u06ce\u0646\u06ce\u06a9 \u0628\u0695\u06c6\u06cc\u062a. \u06a9\u0631\u062f\u0627\u0631\u06cc\u060c \u0628\u0627\u0648\u06d5\u0695\u067e\u06ce\u06a9\u0631\u0627\u0648\u060c \u0648 \u0628\u06c6 \u0628\u06d5\u06a9\u0627\u0631\u0647\u06ce\u0646\u0627\u0646\u06cc \u0695\u06c6\u0698\u0627\u0646\u06d5 \u062f\u06cc\u0632\u0627\u06cc\u0646 \u06a9\u0631\u0627\u0648\u06d5.<\/p>","protected":false},"featured_media":14555,"comment_status":"open","ping_status":"closed","template":"","meta":{"_uag_custom_page_level_css":"","site-sidebar-layout":"default","site-content-layout":"","ast-site-content-layout":"default","site-content-style":"default","site-sidebar-style":"default","ast-global-header-display":"","ast-banner-title-visibility":"","ast-main-header-display":"","ast-hfb-above-header-display":"","ast-hfb-below-header-display":"","ast-hfb-mobile-header-display":"","site-post-title":"","ast-breadcrumbs-content":"","ast-featured-img":"","footer-sml-layout":"","ast-disable-related-posts":"","theme-transparent-header-meta":"default","adv-header-id-meta":"","stick-header-meta":"","header-above-stick-meta":"","header-main-stick-meta":"","header-below-stick-meta":"","astra-migrate-meta-layouts":"set","ast-page-background-enabled":"default","ast-page-background-meta":{"desktop":{"background-color":"","background-image":"","background-repeat":"repeat","background-position":"center center","background-size":"auto","background-attachment":"scroll","background-type":"","background-media":"","overlay-type":"","overlay-color":"","overlay-opacity":"","overlay-gradient":""},"tablet":{"background-color":"","background-image":"","background-repeat":"repeat","background-position":"center center","background-size":"auto","background-attachment":"scroll","background-type":"","background-media":"","overlay-type":"","overlay-color":"","overlay-opacity":"","overlay-gradient":""},"mobile":{"background-color":"","background-image":"","background-repeat":"repeat","background-position":"center center","background-size":"auto","background-attachment":"scroll","background-type":"","background-media":"","overlay-type":"","overlay-color":"","overlay-opacity":"","overlay-gradient":""}},"ast-content-background-meta":{"desktop":{"background-color":"var(--ast-global-color-5)","background-image":"","background-repeat":"repeat","background-position":"center center","background-size":"auto","background-attachment":"scroll","background-type":"","background-media":"","overlay-type":"","overlay-color":"","overlay-opacity":"","overlay-gradient":""},"tablet":{"background-color":"var(--ast-global-color-5)","background-image":"","background-repeat":"repeat","background-position":"center center","background-size":"auto","background-attachment":"scroll","background-type":"","background-media":"","overlay-type":"","overlay-color":"","overlay-opacity":"","overlay-gradient":""},"mobile":{"background-color":"var(--ast-global-color-5)","background-image":"","background-repeat":"repeat","background-position":"center center","background-size":"auto","background-attachment":"scroll","background-type":"","background-media":"","overlay-type":"","overlay-color":"","overlay-opacity":"","overlay-gradient":""}}},"product_brand":[],"product_cat":[419,425,166,421,427,449,426,429,423,438],"product_tag":[441,435,450,432,433,442,443,439],"class_list":{"0":"post-14548","1":"product","2":"type-product","3":"status-publish","4":"has-post-thumbnail","6":"product_cat-notebooks","7":"product_cat-a5-notebook-size","8":"product_cat-brand","9":"product_cat-cute-notebooks","10":"product_cat-girls-notebook","11":"product_cat-keskin-color","12":"product_cat-kids-notebook","13":"product_cat-lined","14":"product_cat-spiral-notebook","15":"product_cat-teenager-notebooks","16":"product_tag-a5-notebooks","17":"product_tag-girls-notebook","18":"product_tag-keskin-color","19":"product_tag-kids-notebooks","20":"product_tag-lined-notebook","21":"product_tag-notebooks","22":"product_tag-spiral-notebooks","23":"product_tag-teenager-notebooks","24":"desktop-align-left","25":"tablet-align-center","26":"mobile-align-center","28":"first","29":"instock","30":"shipping-taxable","31":"purchasable","32":"product-type-simple"},"uagb_featured_image_src":{"full":["https:\/\/maadcenter.co\/wp-content\/uploads\/2024\/09\/product-standard-size-3_0006_Layer-30-1.jpg",2540,2540,false],"thumbnail":["https:\/\/maadcenter.co\/wp-content\/uploads\/2024\/09\/product-standard-size-3_0006_Layer-30-1-150x150.jpg",150,150,true],"medium":["https:\/\/maadcenter.co\/wp-content\/uploads\/2024\/09\/product-standard-size-3_0006_Layer-30-1-300x300.jpg",300,300,true],"medium_large":["https:\/\/maadcenter.co\/wp-content\/uploads\/2024\/09\/product-standard-size-3_0006_Layer-30-1-768x768.jpg",768,768,true],"large":["https:\/\/maadcenter.co\/wp-content\/uploads\/2024\/09\/product-standard-size-3_0006_Layer-30-1-1024x1024.jpg",1024,1024,true],"1536x1536":["https:\/\/maadcenter.co\/wp-content\/uploads\/2024\/09\/product-standard-size-3_0006_Layer-30-1-1536x1536.jpg",1536,1536,true],"2048x2048":["https:\/\/maadcenter.co\/wp-content\/uploads\/2024\/09\/product-standard-size-3_0006_Layer-30-1-2048x2048.jpg",2048,2048,true],"trp-custom-language-flag":["https:\/\/maadcenter.co\/wp-content\/uploads\/2024\/09\/product-standard-size-3_0006_Layer-30-1-12x12.jpg",12,12,true],"depicter-thumbnail":["https:\/\/maadcenter.co\/wp-content\/uploads\/2024\/09\/product-standard-size-3_0006_Layer-30-1-200x200.jpg",200,200,true],"woocommerce_thumbnail":["https:\/\/maadcenter.co\/wp-content\/uploads\/2024\/09\/product-standard-size-3_0006_Layer-30-1-500x500.jpg",500,500,true],"woocommerce_single":["https:\/\/maadcenter.co\/wp-content\/uploads\/2024\/09\/product-standard-size-3_0006_Layer-30-1-600x600.jpg",600,600,true],"woocommerce_gallery_thumbnail":["https:\/\/maadcenter.co\/wp-content\/uploads\/2024\/09\/product-standard-size-3_0006_Layer-30-1-100x100.jpg",100,100,true],"variation_swatches_image_size":["https:\/\/maadcenter.co\/wp-content\/uploads\/2024\/09\/product-standard-size-3_0006_Layer-30-1.jpg",50,50,false],"variation_swatches_tooltip_size":["https:\/\/maadcenter.co\/wp-content\/uploads\/2024\/09\/product-standard-size-3_0006_Layer-30-1.jpg",100,100,false],"dgwt-wcas-product-suggestion":["https:\/\/maadcenter.co\/wp-content\/uploads\/2024\/09\/product-standard-size-3_0006_Layer-30-1-64x64.jpg",64,64,true]},"uagb_author_info":{"display_name":"Online sales Agent","author_link":"https:\/\/maadcenter.co\/krd\/author\/"},"uagb_comment_info":0,"uagb_excerpt":"Keskin Color Notebook The Keskin Color A5 notebook is perfect for students and young professionals aged 10 to 20+. It features 100 lined sheets bound with a durable spiral, allowing the notebook to lay flat for easy writing. Compact and portable, this notebook is ideal for note-taking, journaling, or organizing your ideas wherever you go.&hellip;","_links":{"self":[{"href":"https:\/\/maadcenter.co\/krd\/wp-json\/wp\/v2\/product\/14548","targetHints":{"allow":["GET"]}}],"collection":[{"href":"https:\/\/maadcenter.co\/krd\/wp-json\/wp\/v2\/product"}],"about":[{"href":"https:\/\/maadcenter.co\/krd\/wp-json\/wp\/v2\/types\/product"}],"replies":[{"embeddable":true,"href":"https:\/\/maadcenter.co\/krd\/wp-json\/wp\/v2\/comments?post=14548"}],"wp:featuredmedia":[{"embeddable":true,"href":"https:\/\/maadcenter.co\/krd\/wp-json\/wp\/v2\/media\/14555"}],"wp:attachment":[{"href":"https:\/\/maadcenter.co\/krd\/wp-json\/wp\/v2\/media?parent=14548"}],"wp:term":[{"taxonomy":"product_brand","embeddable":true,"href":"https:\/\/maadcenter.co\/krd\/wp-json\/wp\/v2\/product_brand?post=14548"},{"taxonomy":"product_cat","embeddable":true,"href":"https:\/\/maadcenter.co\/krd\/wp-json\/wp\/v2\/product_cat?post=14548"},{"taxonomy":"product_tag","embeddable":true,"href":"https:\/\/maadcenter.co\/krd\/wp-json\/wp\/v2\/product_tag?post=14548"}],"curies":[{"name":"wp","href":"https:\/\/api.w.org\/{rel}","templated":true}]}}