{"id":15078,"date":"2024-10-03T11:51:42","date_gmt":"2024-10-03T08:51:42","guid":{"rendered":"https:\/\/maadcenter.co\/?post_type=product&#038;p=15078"},"modified":"2025-07-29T11:15:31","modified_gmt":"2025-07-29T08:15:31","slug":"kipling-school-backpack-for-girls-9","status":"publish","type":"product","link":"https:\/\/maadcenter.co\/krd\/shop-2\/brand\/kipling\/kipling-school-backpack-for-girls-9\/","title":{"rendered":"\u062c\u0627\u0646\u062a\u0627\u06cc \u06a9\u06c6\u06b5\u06d5\u067e\u0634\u062a - \u06a9\u06cc\u067e\u0644\u06cc\u0646\u06af -  \u06a9\u0686\u0627\u0646"},"content":{"rendered":"<p><strong>\u06a9\u06d5\u0631\u06d5\u0633\u062a\u06d5 : \u0626\u06d5\u0645 \u062c\u0627\u0646\u062a\u0627\u06cc\u06d5 \u0644\u06d5 \u06a9\u0627\u0646\u06a4\u0627\u0633\u06cc \u06a9\u0648\u0627\u0644\u06ce\u062a\u06cc \u0628\u06d5\u0631\u0632 \u0648 \u0646\u0627\u06cc\u0644\u06c6\u0646 \u062f\u0631\u0648\u0633\u062a\u06a9\u0631\u0627\u0648\u06d5<\/strong><\/p>\n<p><strong>\u062a\u0627\u06cc\u0628\u06d5\u062a\u0645\u06d5\u0646\u062f\u06cc\u06d5\u06a9\u0627\u0646: \u0626\u06d5\u0645 \u062c\u0627\u0646\u062a\u0627\u06cc \u067e\u0634\u062a\u06d5 \u06a9\u0648\u0627\u0644\u06cc\u062a\u06cc \u0628\u06d5\u0631\u0632 \u062e\u06c6\u0695\u0627\u06af\u0631\u06d5 \u0648 \u0628\u06c6\u0634\u0627\u06cc\u06cc \u0632\u06c6\u0631\u06cc \u0647\u06d5\u06cc\u06d5\u060c \u0626\u06d5\u0645\u06d5\u0634 \u0648\u0627\u06cc \u0644\u06ce\u062f\u06d5\u06a9\u0627\u062a \u0646\u0645\u0648\u0646\u06d5\u06cc\u06cc \u0628\u06ce\u062a \u0628\u06c6 \u0647\u06d5\u06b5\u06af\u0631\u062a\u0646\u06cc \u06a9\u062a\u06ce\u0628\u060c \u062f\u06d5\u0641\u062a\u06d5\u0631 \u0648 \u067e\u06ce\u062f\u0627\u0648\u06cc\u0633\u062a\u06cc\u06cc\u06d5\u06a9\u0627\u0646\u06cc \u0695\u06c6\u0698\u0627\u0646\u06d5\u06cc \u0642\u0648\u062a\u0627\u0628\u062e\u0627\u0646\u06d5. \u0628\u06c6 \u0626\u0627\u0633\u0648\u0648\u062f\u06d5\u06cc\u06cc \u0648 \u06a9\u0627\u0631\u0627\u06cc\u06cc \u062f\u06cc\u0632\u0627\u06cc\u0646 \u06a9\u0631\u0627\u0648\u06d5\u060c \u06af\u06cc\u0631\u0641\u0627\u0646\u06cc \u0628\u0648\u062a\u06b5\u06cc \u062a\u0627\u06cc\u0628\u06d5\u062a \u0628\u06c6 \u0647\u06d5\u06b5\u06af\u0631\u062a\u0646\u06cc \u062e\u06ce\u0631\u0627 \u0648 \u0626\u0627\u0633\u0627\u0646.<\/strong><\/p>\n<p><strong>\u062a\u06d5\u0645\u06d5\u0646\u06cc \u06af\u0648\u0646\u062c\u0627\u0648: \u06af\u0648\u0646\u062c\u0627\u0648\u06d5 \u0628\u06c6 \u06a9\u0686\u0627\u0646\u06cc \u062a\u06d5\u0645\u06d5\u0646 \u0661\u0660 \u0628\u06c6 \u0661\u0665 \u0633\u0627\u06b5 \u0648 \u0633\u06d5\u0631\u0648\u0648\u062a\u0631.<\/strong><\/p>\n<div class=\"LT6XE\">\n<div class=\"f5cPye\" data-rl=\"en\" data-lht=\"104\">\n<div class=\"WaaZC\">\n<div class=\"RJPOee EIJn2\">\n<div class=\"rPeykc\" data-hveid=\"CAIQAQ\" data-ved=\"2ahUKEwjagcvV09COAxXQ-QIHHX8FFF8Qo_EKegQIAhAB\">\n<div class=\"NPrrbc\" data-cid=\"85e7088c-8be6-4455-8039-84f8f91d7cab\" data-uuids=\"12096833851158700060\">\n<div class=\"BMebGe btku5b fCrZyc LwdV0e FR7ZSc qVhvac OJeuxf\" role=\"button\" aria-label=\"Gir\u00eadan\u00ean t\u00eakildar bib\u00eenin\" data-hveid=\"CAMQAg\" data-ved=\"2ahUKEwjagcvV09COAxXQ-QIHHX8FFF8Q3fYKegQIAxAC\">\n<div class=\"niO4u\">\n<div class=\"kHtcsd\"><strong>\u0628\u06d5\u06a9\u0627\u0631\u062f\u06ce\u062a \u0628\u06c6 :<\/strong> <strong>:<\/strong> <strong>\u0642\u0648\u062a\u0627\u0628\u062e\u0627\u0646\u06d5<\/strong><\/div>\n<\/div>\n<\/div>\n<\/div>\n<\/div>\n<\/div>\n<\/div>\n<\/div>\n<\/div>","protected":false},"excerpt":{"rendered":"<p><strong>\u0645\u0648\u0627\u062f<\/strong> \u062c\u0627\u0646\u062a\u0627\u06cc \u067e\u0634\u062a\u06d5\u0648\u06d5\u06cc \u0634\u06cc\u0646 \u0645\u0627\u062a \u0628\u06c6 \u06a9\u0686\u0627\u0646 \u0648 \u06a9\u0648\u0695\u0627\u0646<br \/>\n<strong>\u062a\u0627\u06cc\u0628\u062a\u0645\u06d5\u0646\u062f\u06cc\u06d5\u06a9\u0627\u0646:<\/strong> \u062e\u06c6\u0695\u0627\u06af\u0631\u060c \u0641\u0631\u0627\u0648\u0627\u0646\u060c \u06af\u06cc\u0631\u0641\u0627\u0646\u06cc \u0628\u0648\u062a\u06b5\u06cc \u0626\u0627\u0648\u06cc  \u0647\u06d5\u06cc\u06d5. \u0628\u06c6 \u0626\u0627\u0633\u0648\u0648\u062f\u06d5\u06cc\u06cc \u0648 \u06a9\u0631\u062f\u0627\u0631\u06cc \u062f\u0631\u0648\u0633\u062a\u06a9\u0631\u0627\u0648\u06d5<br \/>\n<strong>\u062a\u06d5\u0645\u06d5\u0646\u06cc \u06af\u0648\u0646\u062c\u0627\u0648:<\/strong> \u06a9\u0686\u0627\u0646 \u0648 \u06a9\u0648\u0695\u0627\u0646\u06cc \u062a\u06d5\u0645\u06d5\u0646 10 \u0628\u06c6 15 \u0633\u0627\u06b5 \u0648 \u0633\u06d5\u0631\u0648\u0648.<br \/>\n<strong>\u0628\u06d5\u06a9\u0627\u0631\u062f\u06ce\u062a \u0628\u06c6 :<\/strong> \u0642\u0648\u062a\u0627\u0628\u062e\u0627\u0646\u06d5<\/p>","protected":false},"featured_media":15083,"comment_status":"open","ping_status":"closed","template":"","meta":{"_uag_custom_page_level_css":"","site-sidebar-layout":"default","site-content-layout":"","ast-site-content-layout":"default","site-content-style":"default","site-sidebar-style":"default","ast-global-header-display":"","ast-banner-title-visibility":"","ast-main-header-display":"","ast-hfb-above-header-display":"","ast-hfb-below-header-display":"","ast-hfb-mobile-header-display":"","site-post-title":"","ast-breadcrumbs-content":"","ast-featured-img":"","footer-sml-layout":"","ast-disable-related-posts":"","theme-transparent-header-meta":"default","adv-header-id-meta":"","stick-header-meta":"","header-above-stick-meta":"","header-main-stick-meta":"","header-below-stick-meta":"","astra-migrate-meta-layouts":"set","ast-page-background-enabled":"default","ast-page-background-meta":{"desktop":{"background-color":"","background-image":"","background-repeat":"repeat","background-position":"center center","background-size":"auto","background-attachment":"scroll","background-type":"","background-media":"","overlay-type":"","overlay-color":"","overlay-opacity":"","overlay-gradient":""},"tablet":{"background-color":"","background-image":"","background-repeat":"repeat","background-position":"center center","background-size":"auto","background-attachment":"scroll","background-type":"","background-media":"","overlay-type":"","overlay-color":"","overlay-opacity":"","overlay-gradient":""},"mobile":{"background-color":"","background-image":"","background-repeat":"repeat","background-position":"center center","background-size":"auto","background-attachment":"scroll","background-type":"","background-media":"","overlay-type":"","overlay-color":"","overlay-opacity":"","overlay-gradient":""}},"ast-content-background-meta":{"desktop":{"background-color":"var(--ast-global-color-5)","background-image":"","background-repeat":"repeat","background-position":"center center","background-size":"auto","background-attachment":"scroll","background-type":"","background-media":"","overlay-type":"","overlay-color":"","overlay-opacity":"","overlay-gradient":""},"tablet":{"background-color":"var(--ast-global-color-5)","background-image":"","background-repeat":"repeat","background-position":"center center","background-size":"auto","background-attachment":"scroll","background-type":"","background-media":"","overlay-type":"","overlay-color":"","overlay-opacity":"","overlay-gradient":""},"mobile":{"background-color":"var(--ast-global-color-5)","background-image":"","background-repeat":"repeat","background-position":"center center","background-size":"auto","background-attachment":"scroll","background-type":"","background-media":"","overlay-type":"","overlay-color":"","overlay-opacity":"","overlay-gradient":""}}},"product_brand":[],"product_cat":[39,78,166,160,183,76],"product_tag":[55,253,211,64],"class_list":{"0":"post-15078","1":"product","2":"type-product","3":"status-publish","4":"has-post-thumbnail","6":"product_cat-bags","7":"product_cat-school-backpacks","8":"product_cat-brand","9":"product_cat-kids-bag","10":"product_cat-kipling","11":"product_cat-school-bag-for-girls","12":"product_tag-backpacks","13":"product_tag-kipling","14":"product_tag-school-backpacks","15":"product_tag-school-bag-for-girls","16":"desktop-align-left","17":"tablet-align-center","18":"mobile-align-center","20":"first","21":"instock","22":"shipping-taxable","23":"purchasable","24":"product-type-simple"},"uagb_featured_image_src":{"full":["https:\/\/maadcenter.co\/wp-content\/uploads\/2024\/10\/product-standard-size-2_0004_Layer-1-8.jpg",1000,1000,false],"thumbnail":["https:\/\/maadcenter.co\/wp-content\/uploads\/2024\/10\/product-standard-size-2_0004_Layer-1-8-150x150.jpg",150,150,true],"medium":["https:\/\/maadcenter.co\/wp-content\/uploads\/2024\/10\/product-standard-size-2_0004_Layer-1-8-300x300.jpg",300,300,true],"medium_large":["https:\/\/maadcenter.co\/wp-content\/uploads\/2024\/10\/product-standard-size-2_0004_Layer-1-8-768x768.jpg",768,768,true],"large":["https:\/\/maadcenter.co\/wp-content\/uploads\/2024\/10\/product-standard-size-2_0004_Layer-1-8.jpg",1000,1000,false],"1536x1536":["https:\/\/maadcenter.co\/wp-content\/uploads\/2024\/10\/product-standard-size-2_0004_Layer-1-8.jpg",1000,1000,false],"2048x2048":["https:\/\/maadcenter.co\/wp-content\/uploads\/2024\/10\/product-standard-size-2_0004_Layer-1-8.jpg",1000,1000,false],"trp-custom-language-flag":["https:\/\/maadcenter.co\/wp-content\/uploads\/2024\/10\/product-standard-size-2_0004_Layer-1-8-12x12.jpg",12,12,true],"depicter-thumbnail":["https:\/\/maadcenter.co\/wp-content\/uploads\/2024\/10\/product-standard-size-2_0004_Layer-1-8-200x200.jpg",200,200,true],"woocommerce_thumbnail":["https:\/\/maadcenter.co\/wp-content\/uploads\/2024\/10\/product-standard-size-2_0004_Layer-1-8-500x500.jpg",500,500,true],"woocommerce_single":["https:\/\/maadcenter.co\/wp-content\/uploads\/2024\/10\/product-standard-size-2_0004_Layer-1-8-600x600.jpg",600,600,true],"woocommerce_gallery_thumbnail":["https:\/\/maadcenter.co\/wp-content\/uploads\/2024\/10\/product-standard-size-2_0004_Layer-1-8-100x100.jpg",100,100,true],"variation_swatches_image_size":["https:\/\/maadcenter.co\/wp-content\/uploads\/2024\/10\/product-standard-size-2_0004_Layer-1-8.jpg",50,50,false],"variation_swatches_tooltip_size":["https:\/\/maadcenter.co\/wp-content\/uploads\/2024\/10\/product-standard-size-2_0004_Layer-1-8.jpg",100,100,false],"dgwt-wcas-product-suggestion":["https:\/\/maadcenter.co\/wp-content\/uploads\/2024\/10\/product-standard-size-2_0004_Layer-1-8-64x64.jpg",64,64,true]},"uagb_author_info":{"display_name":"Online sales Agent","author_link":"https:\/\/maadcenter.co\/krd\/author\/"},"uagb_comment_info":0,"uagb_excerpt":"Material: High-quality Canvas and nylon Features: Durable, spacious, with bottle pocket; designed for comfort and function Suitable Age: Girls 10\u201315+ years Ideal For: School","_links":{"self":[{"href":"https:\/\/maadcenter.co\/krd\/wp-json\/wp\/v2\/product\/15078","targetHints":{"allow":["GET"]}}],"collection":[{"href":"https:\/\/maadcenter.co\/krd\/wp-json\/wp\/v2\/product"}],"about":[{"href":"https:\/\/maadcenter.co\/krd\/wp-json\/wp\/v2\/types\/product"}],"replies":[{"embeddable":true,"href":"https:\/\/maadcenter.co\/krd\/wp-json\/wp\/v2\/comments?post=15078"}],"wp:featuredmedia":[{"embeddable":true,"href":"https:\/\/maadcenter.co\/krd\/wp-json\/wp\/v2\/media\/15083"}],"wp:attachment":[{"href":"https:\/\/maadcenter.co\/krd\/wp-json\/wp\/v2\/media?parent=15078"}],"wp:term":[{"taxonomy":"product_brand","embeddable":true,"href":"https:\/\/maadcenter.co\/krd\/wp-json\/wp\/v2\/product_brand?post=15078"},{"taxonomy":"product_cat","embeddable":true,"href":"https:\/\/maadcenter.co\/krd\/wp-json\/wp\/v2\/product_cat?post=15078"},{"taxonomy":"product_tag","embeddable":true,"href":"https:\/\/maadcenter.co\/krd\/wp-json\/wp\/v2\/product_tag?post=15078"}],"curies":[{"name":"wp","href":"https:\/\/api.w.org\/{rel}","templated":true}]}}