{"id":15338,"date":"2024-10-08T15:42:21","date_gmt":"2024-10-08T12:42:21","guid":{"rendered":"https:\/\/maadcenter.co\/?post_type=product&#038;p=15338"},"modified":"2025-08-24T18:25:29","modified_gmt":"2025-08-24T15:25:29","slug":"water-bottle-little-space-hero","status":"publish","type":"product","link":"https:\/\/maadcenter.co\/krd\/shop-2\/drinking-bottles-mugs\/boys-water-bottle\/water-bottle-little-space-hero\/","title":{"rendered":"\u0645\u06d5\u062a\u0627\u0631\u06d5\u06cc \u0626\u0627\u0648 \"LITTLE SPACE HERO\u201d \""},"content":{"rendered":"<p data-start=\"166\" data-end=\"247\"><strong data-start=\"166\" data-end=\"247\">440 \u0645\u06cc\u0644\u06cc \u0644\u06cc\u062a\u0631 \u0628\u0648\u062a\u06b5\u06cc \u0626\u0627\u0648\u06cc \u067e\u06c6\u06b5\u0627\u06cc \u062f\u0698\u06d5 \u0632\u0646\u06af Little Space Hero \u0644\u06d5\u06af\u06d5\u06b5 \u06af\u0648\u0631\u06cc\u0633 (\u062a\u06d5\u0645\u06d5\u0646 5-10 \u0633\u0627\u06b5)<\/strong><\/p>\n<p data-start=\"249\" data-end=\"541\">\u0628\u06d5\u0645\u06d5 \u062e\u06d5\u06cc\u0627\u06b5\u06cc \u0645\u0646\u062f\u0627\u06b5\u06d5\u06a9\u06d5\u062a \u0648\u0631\u0648\u0698\u06ce\u0646\u06d5. <strong data-start=\"292\" data-end=\"348\">\u0628\u0648\u062a\u06b5\u06cc \u0626\u0627\u0648\u06cc \u067e\u06c6\u06b5\u0627\u06cc \u062f\u0698\u06d5 \u0632\u0646\u06af \u0628\u06d5 \u062a\u0627\u06cc\u0628\u06d5\u062a\u0645\u06d5\u0646\u062f\u06cc \u0626\u0627\u0633\u0645\u0627\u0646\u06d5\u0648\u0627\u0646\u06cc \u0628\u0686\u0648\u0648\u06a9\u060c \u0628\u06d5 \u0642\u06d5\u0628\u0627\u0631\u06d5\u06cc 440 \u0645\u06cc\u0644\u06cc \u0644\u06cc\u062a\u0631.<\/strong>\u0628\u06d5\u062a\u0627\u06cc\u0628\u06d5\u062a\u06cc \u0628\u06c6 \u06af\u06d5\u0646\u062c\u0627\u0646\u06cc \u0633\u06d5\u0631\u06a9\u06ce\u0634\u06cc \u062a\u06d5\u0645\u06d5\u0646 5 \u0628\u06c6 10 \u0633\u0627\u06b5 \u062f\u0631\u0648\u0633\u062a\u06a9\u0631\u0627\u0648\u06d5. \u0626\u06d5\u06af\u06d5\u0631 \u0628\u0686\u06cc\u062a \u0628\u06c6 \u0642\u0648\u062a\u0627\u0628\u062e\u0627\u0646\u06d5\u060c \u0686\u0627\u062f\u0631\u06af\u06d5\u060c \u06cc\u0627\u0646 \u0628\u06c6 \u0626\u06d5\u0631\u06a9\u06ce\u06a9\u06cc \u0628\u06c6\u0634\u0627\u06cc\u06cc \u0626\u0627\u0633\u0645\u0627\u0646 \u0644\u06d5 \u06cc\u0627\u0631\u06cc\u06af\u0627\u062f\u0627\u060c \u0626\u06d5\u0645 \u0628\u0648\u062a\u06b5\u06d5 \u0634\u06ce\u062f\u0627\u0631\u06cc\u0627\u0646 \u062f\u06d5\u06a9\u0627\u062a \u0648 \u0626\u0627\u0645\u0627\u062f\u06d5 \u062f\u06d5\u0628\u0646 \u0628\u06c6 \u0641\u0695\u06cc\u0646!<\/p>\n<p data-start=\"543\" data-end=\"786\">\u062f\u0631\u0648\u0633\u062a\u06a9\u0631\u0627\u0648\u06d5 \u0644\u06d5 <strong data-start=\"556\" data-end=\"598\">\u067e\u06c6\u06b5\u0627\u06cc \u062f\u0698\u06d5 \u0698\u0646\u06af  \u06a9\u0648\u0627\u0644\u06cc\u062a\u06cc \u0628\u06d5\u0631\u0632 \u0648 \u0628\u06ce BPA.<\/strong>, it features <strong data-start=\"612\" data-end=\"638\">\u00eezolasyona d\u00eewar\u00ea duqat<\/strong> \u0628\u06c6 \u067e\u0627\u0631\u0627\u0633\u062a\u0646\u06cc \u062e\u0648\u0627\u0631\u062f\u0646\u06d5\u0648\u06d5\u06a9\u0627\u0646 <strong data-start=\"654\" data-end=\"679\">\u067e\u0644\u06d5\u06cc \u06af\u06d5\u0631\u0645\u06cc \u062f\u06d5\u06a9\u0631\u06ce \u0628\u06d5\u0631\u0632 \u06cc\u0627\u0646 \u0646\u0632\u0645 \u0628\u06ce\u062a \u0628\u06c6 \u0645\u0627\u0648\u06d5\u06cc\u06d5\u06a9\u06cc \u062f\u0631\u06ce\u0698<\/strong>\u06af\u0648\u0646\u062c\u0627\u0648\u06d5 \u0628\u06c6 \u0634\u06d5\u0631\u0628\u06d5\u062a\u060c \u0634\u06cc\u0631 \u06cc\u0627\u0646 \u062e\u0648\u0627\u0631\u062f\u0646\u06d5\u0648\u06d5 \u06af\u06d5\u0631\u0645\u06d5\u06a9\u0627\u0646\u060c \u0648 \u0626\u06d5\u0648\u06d5\u0646\u062f\u06d5 \u062e\u06c6\u0695\u0627\u06af\u0631\u06d5 \u06a9\u06d5 \u0628\u06d5\u0631\u06af\u06d5\u06cc \u0628\u06d5\u06a9\u0627\u0631\u0647\u06ce\u0646\u0627\u0646\u06cc \u0695\u06c6\u0698\u0627\u0646\u06d5 \u0628\u06af\u0631\u06ce\u062a\u060c \u062e\u0648\u0627\u0631\u062f\u0646\u06d5\u0648\u06d5\u06a9\u0627\u0646 \u0647\u06d5\u0645\u06cc\u0634\u06d5 \u062a\u0627\u0632\u06d5 \u062f\u06d5\u0647\u06ce\u06b5\u06ce\u062a\u06d5\u0648\u06d5.<\/p>\n<p data-start=\"788\" data-end=\"1127\">\u0628\u0648\u062a\u06b5\u06d5\u06a9\u06d5 \u062f\u06cc\u0632\u0627\u06cc\u0646\u06cc \u067e\u0627\u06b5\u06d5\u0648\u0627\u0646\u06cc \u0628\u06c6\u0634\u0627\u06cc\u06cc \u0626\u0627\u0633\u0645\u0627\u0646\u06cc \u0633\u06d5\u0631\u0646\u062c\u0695\u0627\u06a9\u06ce\u0634 \u0648 \u0633\u06d5\u0631\u0646\u062c\u0695\u0627\u06a9\u06ce\u0634\u06cc \u0647\u06d5\u06cc\u06d5\u060c \u06a9\u06d5 \u0648\u0627 \u0644\u06d5 \u0645\u0646\u062f\u0627\u06b5\u0627\u0646 \u062f\u06d5\u06a9\u0627\u062a \u062d\u06d5\u0632\u06cc \u0644\u06ce\u0628\u06ce\u062a \u0648 \u0647\u0627\u0646\u06cc\u0627\u0646 \u062f\u06d5\u062f\u0627\u062a \u0626\u0627\u0648 \u0628\u062e\u06c6\u0646\u06d5\u0648\u06d5 \u0644\u06d5\u06a9\u0627\u062a\u06cc \u0633\u06d5\u0631\u06a9\u06ce\u0634\u06cc\u06cc\u06d5\u06a9\u0627\u0646\u06cc\u0627\u0646\u062f\u0627. <strong data-start=\"824\" data-end=\"845\">\u062f\u06cc\u0632\u0627\u06cc\u0646\u06cc \u067e\u0627\u06b5\u06d5\u0648\u0627\u0646\u06cc \u0628\u06c6\u0634\u0627\u06cc\u06cc \u0626\u0627\u0633\u0645\u0627\u0646<\/strong> \u0645\u0646\u062f\u0627\u06b5\u0627\u0646 \u0632\u06c6\u0631 \u062d\u06d5\u0632\u06cc\u0627\u0646 \u0644\u06ce\u06cc\u06d5. \u0647\u0647 \u0631\u0648\u0647 \u0647\u0627 \u0628\u0631\u06cc\u062a\u06cc\u06cc\u06d5 \u0644\u0647 <strong data-start=\"886\" data-end=\"908\">durable rope strap<\/strong>, allowing kids to <strong data-start=\"927\" data-end=\"950\">carry it hands-free<\/strong> \u06cc\u0627\u0646 \u0644\u06d5 \u062c\u0627\u0646\u062a\u0627\u06cc \u067e\u0634\u062a\u06cc\u0627\u0646 \u0647\u06d5\u06b5\u06cc\u0648\u0627\u0633\u06cc\u0648\u06d5. \u0633\u0648\u0648\u06a9 \u0648 \u0642\u06d5\u0628\u0627\u0631\u06d5 \u0628\u06c6 \u062f\u06d5\u0633\u062a\u06cc \u0628\u0686\u0648\u0648\u06a9\u060c \u0626\u0627\u0633\u0627\u0646 \u0628\u06c6 \u0628\u06d5\u06a9\u0627\u0631\u0647\u06ce\u0646\u0627\u0646 \u0648 \u062e\u0627\u0648\u06ce\u0646\u06a9\u0631\u062f\u0646\u06d5\u0648\u06d5\u2014\u06af\u0648\u0646\u062c\u0627\u0648\u06d5 \u0628\u06c6 \u0628\u06d5\u06a9\u0627\u0631\u0647\u06ce\u0646\u0627\u0646\u06cc \u0695\u06c6\u0698\u0627\u0646\u06d5 \u0644\u06d5 \u0642\u0648\u062a\u0627\u0628\u062e\u0627\u0646\u06d5\u060c \u0644\u06d5 \u06af\u06d5\u0634\u062a\u060c \u06cc\u0627\u0646 \u06cc\u0627\u0631\u06cc\u06a9\u0631\u062f\u0646 \u0644\u06d5 \u062f\u06d5\u0631\u06d5\u0648\u06d5\u06cc \u0645\u0627\u06b5.<\/p>\n<p data-start=\"1129\" data-end=\"1146\"><strong data-start=\"1129\" data-end=\"1146\">\u062a\u0627\u06cc\u0628\u06d5\u062a\u0645\u06d5\u0646\u062f\u06cc\u06cc\u06d5 \u0633\u06d5\u0631\u06d5\u06a9\u06cc\u06cc\u06d5\u06a9\u0627\u0646:<\/strong><\/p>\n<ul data-start=\"1147\" data-end=\"1462\">\n<li data-start=\"1147\" data-end=\"1196\">\n<p data-start=\"1149\" data-end=\"1196\">\u062a\u0648\u0627\u0646\u0627\u06cc 440 \u0645\u06cc\u0644\u06cc \u0644\u06cc\u062a\u0631\u06d5 - \u0628\u06c6 \u0645\u0646\u062f\u0627\u06b5\u0627\u0646\u06cc \u062a\u06d5\u0645\u06d5\u0646 5 \u0628\u06c6 10 \u0633\u0627\u06b5 \u06af\u0648\u0646\u062c\u0627\u0648\u06d5.<\/p>\n<\/li>\n<li data-start=\"1197\" data-end=\"1237\">\n<p data-start=\"1199\" data-end=\"1237\">Pola zengarnegir a b\u00ea BPA, pola xwarin\u00ea<\/p>\n<\/li>\n<li data-start=\"1238\" data-end=\"1291\">\n<p data-start=\"1240\" data-end=\"1291\">\u062f\u0648\u0648 \u062c\u06cc\u0627\u06a9\u06d5\u0631\u06d5\u0648\u06d5 - \u062e\u0648\u0627\u0631\u062f\u0646\u06d5\u0648\u06d5\u06a9\u0627\u0646 \u0628\u06d5 \u06af\u06d5\u0631\u0645 \u06cc\u0627\u0646 \u0633\u0627\u0631\u062f \u0628\u06c6 \u0645\u0627\u0648\u06d5\u06cc\u06d5\u06a9\u06cc \u062f\u0631\u06ce\u0698 \u062f\u06d5\u0647\u06ce\u06b5\u06ce\u062a\u06d5\u0648\u06d5.<\/p>\n<\/li>\n<li data-start=\"1292\" data-end=\"1328\">\n<p data-start=\"1294\" data-end=\"1328\">\u0642\u06d5\u067e\u0627\u063a\u06ce\u06a9\u06cc \u062f\u0698\u06d5 \u062f\u0632\u06d5\u06a9\u0631\u062f\u0646 \u0628\u06c6 \u0695\u06ce\u06af\u0631\u06cc\u06a9\u0631\u062f\u0646 \u0644\u06d5 \u0695\u0634\u062a\u0646\u06cc \u0626\u0627\u0648.<\/p>\n<\/li>\n<li data-start=\"1329\" data-end=\"1376\">\n<p data-start=\"1331\" data-end=\"1376\">\u06af\u0648\u0631\u06cc\u0633\u06ce\u06a9 \u06a9\u06d5 \u0628\u06d5 \u0628\u0648\u062a\u06b5\u06d5\u06a9\u06d5\u0648\u06d5 \u0628\u06d5\u0633\u062a\u0631\u0627\u0648\u06d5\u062a\u06d5\u0648\u06d5 - \u0647\u06d5\u06b5\u06af\u0631\u062a\u0646\u06cc \u06cc\u0627\u0646 \u0647\u06d5\u06b5\u0648\u0627\u0633\u06cc\u0646\u06cc \u0626\u0627\u0633\u0627\u0646 \u062f\u06d5\u06a9\u0627\u062a \u0628\u06c6 \u0647\u06d5\u0631 \u0634\u0648\u06ce\u0646\u06ce\u06a9 \u0628\u0695\u06c6\u06cc\u062a.<\/p>\n<\/li>\n<li data-start=\"1377\" data-end=\"1409\">\n<p data-start=\"1379\" data-end=\"1409\">\u062f\u06cc\u0632\u0627\u06cc\u0646\u06ce\u06a9\u06cc \u0642\u0627\u0631\u06d5\u0645\u0627\u0646\u0627\u0646\u06d5\u06cc \u0628\u06c6\u0634\u0627\u06cc\u06cc \u0626\u0627\u0633\u0645\u0627\u0646\u06cc \u0634\u06cc\u0631\u06cc\u0646 \u0648 \u0686\u06ce\u0698\u0628\u06d5\u062e\u0634<\/p>\n<\/li>\n<li data-start=\"1410\" data-end=\"1462\">\n<p data-start=\"1412\" data-end=\"1462\">\u06af\u0648\u0646\u062c\u0627\u0648\u06d5 \u0628\u06c6 \u0642\u0648\u062a\u0627\u0628\u062e\u0627\u0646\u06d5\u060c \u06af\u06d5\u0634\u062a \u0648 \u0633\u06d5\u0631\u06a9\u06ce\u0634\u06cc \u0644\u06d5 \u062f\u06d5\u0631\u06d5\u0648\u06d5.<\/p>\n<\/li>\n<\/ul>","protected":false},"excerpt":{"rendered":"<p data-start=\"59\" data-end=\"130\"><strong data-start=\"59\" data-end=\"130\">\ud83d\ude80 \u0628\u0648\u062a\u06b5\u06ce\u06a9\u06cc \u0626\u0627\u0648\u06cc 440 \u0645\u06cc\u0644\u06cc \u0644\u06cc\u062a\u0631\u06cc \u067e\u06c6\u06b5\u0627\u06cc \u062f\u0698\u06d5 \u0632\u0646\u06af \u06a9\u06d5 \u062a\u0627\u06cc\u0628\u06d5\u062a\u0645\u06d5\u0646\u062f\u06cc \u0626\u0627\u0633\u0645\u0627\u0646\u06d5\u0648\u0627\u0646\u06cc \u0628\u0686\u0648\u0648\u06a9\u06cc \u062a\u06ce\u062f\u0627\u06cc\u06d5 (\u0628\u06c6 \u0645\u0646\u062f\u0627\u06b5\u0627\u0646\u06cc \u062a\u06d5\u0645\u06d5\u0646 5 \u0628\u06c6 10 \u0633\u0627\u06b5)<\/strong><\/p>\n<p data-start=\"132\" data-end=\"387\" data-is-last-node=\"\" data-is-only-node=\"\">\u0695\u06ce\u06af\u06d5 \u0628\u062f\u06d5 \u062f\u06c6\u0632\u06d5\u0631\u06d5\u0648\u06d5 \u0628\u0686\u06a9\u06c6\u0644\u06d5\u06a9\u06d5\u062a \u0628\u06d5\u0645 \u0634\u06ce\u0648\u06d5\u06cc\u06d5 \u0634\u06ce\u062f\u0627\u0631 \u0628\u06ce\u062a. <strong data-start=\"177\" data-end=\"218\">\u0628\u0648\u062a\u06b5\u06cc \u067e\u06c6\u06b5\u0627\u06cc \u0628\u06ce BPA \u0628\u06d5 \u0642\u06d5\u0628\u0627\u0631\u06d5\u06cc 440 \u0645\u06cc\u0644\u06cc \u0644\u06cc\u062a\u0631<\/strong>! \u062f\u06cc\u0632\u0627\u06cc\u0646\u06ce\u06a9\u06cc \u062e\u06c6\u0634\u06cc \u067e\u0627\u06b5\u06d5\u0648\u0627\u0646\u06ce\u06a9\u06cc \u0628\u06c6\u0634\u0627\u06cc\u06cc \u0626\u0627\u0633\u0645\u0627\u0646\u06cc \u0647\u06d5\u06cc\u06d5 <strong data-start=\"257\" data-end=\"283\">\u00eezolasyona d\u00eewar\u00ea duqat<\/strong> \u0628\u06c6 \u062e\u0648\u0627\u0631\u062f\u0646\u06d5\u0648\u06d5 \u06af\u06d5\u0631\u0645 \u0648 \u0633\u0627\u0631\u062f\u06d5\u06a9\u0627\u0646 \u0648 <strong data-start=\"314\" data-end=\"328\">\u067e\u06d5\u062a\u06cc \u0647\u06d5\u06b5\u0648\u0627\u0633\u06cc\u0646<\/strong> \u0628\u06c6 \u0647\u06d5\u06b5\u06af\u0631\u062a\u0646\u06cc \u0626\u0627\u0633\u0627\u0646\u2014\u06af\u0648\u0646\u062c\u0627\u0648\u06d5 \u0628\u06c6 \u0642\u0648\u062a\u0627\u0628\u062e\u0627\u0646\u06d5\u060c \u06af\u06d5\u0634\u062a \u0648 \u06a9\u0627\u062a\u06cc \u06cc\u0627\u0631\u06cc\u06a9\u0631\u062f\u0646!<\/p>","protected":false},"featured_media":29740,"comment_status":"open","ping_status":"closed","template":"","meta":{"_uag_custom_page_level_css":"","site-sidebar-layout":"default","site-content-layout":"","ast-site-content-layout":"default","site-content-style":"default","site-sidebar-style":"default","ast-global-header-display":"","ast-banner-title-visibility":"","ast-main-header-display":"","ast-hfb-above-header-display":"","ast-hfb-below-header-display":"","ast-hfb-mobile-header-display":"","site-post-title":"","ast-breadcrumbs-content":"","ast-featured-img":"","footer-sml-layout":"","ast-disable-related-posts":"","theme-transparent-header-meta":"default","adv-header-id-meta":"","stick-header-meta":"","header-above-stick-meta":"","header-main-stick-meta":"","header-below-stick-meta":"","astra-migrate-meta-layouts":"set","ast-page-background-enabled":"default","ast-page-background-meta":{"desktop":{"background-color":"","background-image":"","background-repeat":"repeat","background-position":"center center","background-size":"auto","background-attachment":"scroll","background-type":"","background-media":"","overlay-type":"","overlay-color":"","overlay-opacity":"","overlay-gradient":""},"tablet":{"background-color":"","background-image":"","background-repeat":"repeat","background-position":"center center","background-size":"auto","background-attachment":"scroll","background-type":"","background-media":"","overlay-type":"","overlay-color":"","overlay-opacity":"","overlay-gradient":""},"mobile":{"background-color":"","background-image":"","background-repeat":"repeat","background-position":"center center","background-size":"auto","background-attachment":"scroll","background-type":"","background-media":"","overlay-type":"","overlay-color":"","overlay-opacity":"","overlay-gradient":""}},"ast-content-background-meta":{"desktop":{"background-color":"var(--ast-global-color-5)","background-image":"","background-repeat":"repeat","background-position":"center center","background-size":"auto","background-attachment":"scroll","background-type":"","background-media":"","overlay-type":"","overlay-color":"","overlay-opacity":"","overlay-gradient":""},"tablet":{"background-color":"var(--ast-global-color-5)","background-image":"","background-repeat":"repeat","background-position":"center center","background-size":"auto","background-attachment":"scroll","background-type":"","background-media":"","overlay-type":"","overlay-color":"","overlay-opacity":"","overlay-gradient":""},"mobile":{"background-color":"var(--ast-global-color-5)","background-image":"","background-repeat":"repeat","background-position":"center center","background-size":"auto","background-attachment":"scroll","background-type":"","background-media":"","overlay-type":"","overlay-color":"","overlay-opacity":"","overlay-gradient":""}}},"product_brand":[],"product_cat":[348,381,351,352,360],"product_tag":[358,355,369,353],"class_list":{"0":"post-15338","1":"product","2":"type-product","3":"status-publish","4":"has-post-thumbnail","6":"product_cat-drinking-bottles-mugs","7":"product_cat-400-500ml","8":"product_cat-boys-water-bottle","9":"product_cat-kids-water-bottle","10":"product_cat-stainless-steel-bottle","11":"product_tag-boys-water-bottle","12":"product_tag-kids-water-bottle","13":"product_tag-stainless-steel-bottle","14":"product_tag-water-bottle","15":"desktop-align-left","16":"tablet-align-center","17":"mobile-align-center","19":"first","20":"instock","21":"shipping-taxable","22":"purchasable","23":"product-type-simple"},"uagb_featured_image_src":{"full":["https:\/\/maadcenter.co\/wp-content\/uploads\/2024\/10\/PXL_20250705_150548588.jpg",1800,1800,false],"thumbnail":["https:\/\/maadcenter.co\/wp-content\/uploads\/2024\/10\/PXL_20250705_150548588-150x150.jpg",150,150,true],"medium":["https:\/\/maadcenter.co\/wp-content\/uploads\/2024\/10\/PXL_20250705_150548588-300x300.jpg",300,300,true],"medium_large":["https:\/\/maadcenter.co\/wp-content\/uploads\/2024\/10\/PXL_20250705_150548588-768x768.jpg",768,768,true],"large":["https:\/\/maadcenter.co\/wp-content\/uploads\/2024\/10\/PXL_20250705_150548588-1024x1024.jpg",1024,1024,true],"1536x1536":["https:\/\/maadcenter.co\/wp-content\/uploads\/2024\/10\/PXL_20250705_150548588-1536x1536.jpg",1536,1536,true],"2048x2048":["https:\/\/maadcenter.co\/wp-content\/uploads\/2024\/10\/PXL_20250705_150548588.jpg",1800,1800,false],"trp-custom-language-flag":["https:\/\/maadcenter.co\/wp-content\/uploads\/2024\/10\/PXL_20250705_150548588-12x12.jpg",12,12,true],"depicter-thumbnail":["https:\/\/maadcenter.co\/wp-content\/uploads\/2024\/10\/PXL_20250705_150548588-200x200.jpg",200,200,true],"woocommerce_thumbnail":["https:\/\/maadcenter.co\/wp-content\/uploads\/2024\/10\/PXL_20250705_150548588-500x500.jpg",500,500,true],"woocommerce_single":["https:\/\/maadcenter.co\/wp-content\/uploads\/2024\/10\/PXL_20250705_150548588-600x600.jpg",600,600,true],"woocommerce_gallery_thumbnail":["https:\/\/maadcenter.co\/wp-content\/uploads\/2024\/10\/PXL_20250705_150548588-100x100.jpg",100,100,true],"variation_swatches_image_size":["https:\/\/maadcenter.co\/wp-content\/uploads\/2024\/10\/PXL_20250705_150548588-50x50.jpg",50,50,true],"variation_swatches_tooltip_size":["https:\/\/maadcenter.co\/wp-content\/uploads\/2024\/10\/PXL_20250705_150548588-100x100.jpg",100,100,true],"dgwt-wcas-product-suggestion":["https:\/\/maadcenter.co\/wp-content\/uploads\/2024\/10\/PXL_20250705_150548588-64x64.jpg",64,64,true]},"uagb_author_info":{"display_name":"Online sales Agent","author_link":"https:\/\/maadcenter.co\/krd\/author\/"},"uagb_comment_info":0,"uagb_excerpt":"\ud83d\ude80 440ml Little Space Hero Stainless Steel Water Bottle (Ages 5\u201310) Keep your little explorer hydrated with this 440ml BPA-free stainless steel bottle! It features a fun space hero design, double-wall insulation for hot or cold drinks, and a rope strap for easy carrying\u2014perfect for school, trips, and playtime!","_links":{"self":[{"href":"https:\/\/maadcenter.co\/krd\/wp-json\/wp\/v2\/product\/15338","targetHints":{"allow":["GET"]}}],"collection":[{"href":"https:\/\/maadcenter.co\/krd\/wp-json\/wp\/v2\/product"}],"about":[{"href":"https:\/\/maadcenter.co\/krd\/wp-json\/wp\/v2\/types\/product"}],"replies":[{"embeddable":true,"href":"https:\/\/maadcenter.co\/krd\/wp-json\/wp\/v2\/comments?post=15338"}],"wp:featuredmedia":[{"embeddable":true,"href":"https:\/\/maadcenter.co\/krd\/wp-json\/wp\/v2\/media\/29740"}],"wp:attachment":[{"href":"https:\/\/maadcenter.co\/krd\/wp-json\/wp\/v2\/media?parent=15338"}],"wp:term":[{"taxonomy":"product_brand","embeddable":true,"href":"https:\/\/maadcenter.co\/krd\/wp-json\/wp\/v2\/product_brand?post=15338"},{"taxonomy":"product_cat","embeddable":true,"href":"https:\/\/maadcenter.co\/krd\/wp-json\/wp\/v2\/product_cat?post=15338"},{"taxonomy":"product_tag","embeddable":true,"href":"https:\/\/maadcenter.co\/krd\/wp-json\/wp\/v2\/product_tag?post=15338"}],"curies":[{"name":"wp","href":"https:\/\/api.w.org\/{rel}","templated":true}]}}