{"id":15892,"date":"2024-10-15T13:17:31","date_gmt":"2024-10-15T10:17:31","guid":{"rendered":"https:\/\/maadcenter.co\/?post_type=product&#038;p=15892"},"modified":"2025-08-17T10:12:46","modified_gmt":"2025-08-17T07:12:46","slug":"notebook-vincent-van-gogh","status":"publish","type":"product","link":"https:\/\/maadcenter.co\/krd\/shop-2\/notebooks\/cute-notebooks\/notebook-vincent-van-gogh\/","title":{"rendered":"Deftera &quot;VINCENT VAN GOGH&quot;"},"content":{"rendered":"<p data-start=\"0\" data-end=\"37\">\ud83d\udcd3 <strong data-start=\"3\" data-end=\"35\">Defter 4ino \u2013 A5, Tora Xalan<\/strong> \u2728<\/p>\n<p data-start=\"39\" data-end=\"387\">Hat\u00eeye s\u00eawirandin ku zelal\u00ee \u00fb hevgirtin\u00ea b\u00eene not\u00ean we, <strong data-start=\"100\" data-end=\"129\">Defterek bi tora xal\u00ee ya 4ino A5<\/strong> ji bo her kes\u00ea ku dixwaze t\u00eagih\u00ee\u015ftina s\u00eawirana xwe, r\u00eaxistin \u00fb afir\u00eeneriya xwe ba\u015ftir bike b\u00eak\u00eamas\u00ee ye. \u00c7i h\u00fbn x\u00eaz bikin, ramanan biniv\u00eesin, an projeyan plan bikin, nex\u015feya tora xalan ji we re dibe al\u00eekar ku h\u00fbn r\u00fbpel\u00ean r\u00eak\u00fbp\u00eak \u00fb bir\u00eak\u00fbp\u00eak b\u00eay\u00ee xet\u00ean z\u00eade biafir\u00eenin.<\/p>\n<p data-start=\"389\" data-end=\"402\">\u062a\u0627\u06cc\u0628\u06d5\u062a\u0645\u06d5\u0646\u062f\u06cc\u06cc\u06d5 \u0633\u06d5\u0631\u06d5\u06a9\u06cc\u06cc\u06d5\u06a9\u0627\u0646:<\/p>\n<ul data-start=\"403\" data-end=\"674\">\n<li data-start=\"403\" data-end=\"480\">\n<p data-start=\"405\" data-end=\"480\"><strong data-start=\"405\" data-end=\"424\">Formata Tora Xalan<\/strong>Ji bo s\u00eawiran\u00ean rast, girtina notan, an niv\u00eesandina rojnamey\u00ea \u00eedeal e.<\/p>\n<\/li>\n<li data-start=\"481\" data-end=\"549\">\n<p data-start=\"483\" data-end=\"549\"><strong data-start=\"483\" data-end=\"494\">\u0642\u06cc\u0627\u0633 A5<\/strong>Kompakt \u00fb veguh\u00eazbar, ji bo hilgirtin\u00ea di r\u00ea de b\u00eak\u00eamas\u00ee ye.<\/p>\n<\/li>\n<li data-start=\"550\" data-end=\"674\">\n<p data-start=\"552\" data-end=\"674\"><strong data-start=\"552\" data-end=\"569\">Bikaran\u00eena Piral\u00ee<\/strong>Ji bo karan\u00eena \u015fexs\u00ee \u00fb p\u00ee\u015fey\u00ee guncaw e, dibe al\u00eekar ku raman bi zelal\u00ee \u00fb bi r\u00eak\u00fbp\u00eak werin r\u00eaxistin kirin.<\/p>\n<\/li>\n<\/ul>\n<p data-start=\"676\" data-end=\"766\" data-is-last-node=\"\" data-is-only-node=\"\">Ji bo xwendekar, pispor, an her kes\u00ea ku q\u00eemet\u00ea dide afir\u00eeneriya bir\u00eak\u00fbp\u00eak b\u00eak\u00eamas\u00ee ye! \ud83c\udf1f\ud83d\udcda<\/p>","protected":false},"excerpt":{"rendered":"<p data-start=\"0\" data-end=\"37\">\ud83d\udcd3 <strong data-start=\"3\" data-end=\"35\">Defter 4ino \u2013 A5, Tora Xalan<\/strong> \u2728<\/p>\n<p data-start=\"39\" data-end=\"257\">\u06a9\u06d5 <strong data-start=\"43\" data-end=\"72\">Defterek bi tora xal\u00ee ya 4ino A5<\/strong> ji bo afirandina not \u00fb s\u00eawiran\u00ean r\u00eak\u00fbp\u00eak \u00fb r\u00eak\u00fbp\u00eak b\u00eak\u00eamah\u00ee ye. Formata w\u00ea ya tora xal\u00ee dibe al\u00eekar ku zelal\u00ee \u00fb r\u00eaxistin\u00ea ba\u015ftir bike, \u00fb ji bo x\u00eazkirin, niv\u00eesandina rojnamey\u00ea, an plansazkirina projeyan \u00eedeal dike.<\/p>\n<ul data-start=\"259\" data-end=\"366\">\n<li data-start=\"259\" data-end=\"311\">\n<p data-start=\"261\" data-end=\"311\"><strong data-start=\"261\" data-end=\"273\">Tora Xalan<\/strong>: Ji bo s\u00eawiran \u00fb not\u00ean rast pir ba\u015f e.<\/p>\n<\/li>\n<li data-start=\"312\" data-end=\"366\">\n<p data-start=\"314\" data-end=\"366\"><strong data-start=\"314\" data-end=\"325\">\u0642\u06cc\u0627\u0633 A5<\/strong>: Kompakt \u00fb veguh\u00eazbar ji bo karan\u00eena li ser r\u00ea.<\/p>\n<\/li>\n<\/ul>\n<p data-start=\"368\" data-end=\"448\" data-is-last-node=\"\" data-is-only-node=\"\">Ji bo xwendekar, s\u00eawiraner \u00fb her kes\u00ea ku ji afir\u00eeneriya r\u00eaxistinkir\u00ee hez dike b\u00eak\u00eamas\u00ee ye! \ud83c\udf1f\ud83d\udcda<\/p>","protected":false},"featured_media":15907,"comment_status":"open","ping_status":"closed","template":"","meta":{"_uag_custom_page_level_css":"","site-sidebar-layout":"default","site-content-layout":"","ast-site-content-layout":"default","site-content-style":"default","site-sidebar-style":"default","ast-global-header-display":"","ast-banner-title-visibility":"","ast-main-header-display":"","ast-hfb-above-header-display":"","ast-hfb-below-header-display":"","ast-hfb-mobile-header-display":"","site-post-title":"","ast-breadcrumbs-content":"","ast-featured-img":"","footer-sml-layout":"","ast-disable-related-posts":"","theme-transparent-header-meta":"default","adv-header-id-meta":"","stick-header-meta":"","header-above-stick-meta":"","header-main-stick-meta":"","header-below-stick-meta":"","astra-migrate-meta-layouts":"set","ast-page-background-enabled":"default","ast-page-background-meta":{"desktop":{"background-color":"","background-image":"","background-repeat":"repeat","background-position":"center center","background-size":"auto","background-attachment":"scroll","background-type":"","background-media":"","overlay-type":"","overlay-color":"","overlay-opacity":"","overlay-gradient":""},"tablet":{"background-color":"","background-image":"","background-repeat":"repeat","background-position":"center center","background-size":"auto","background-attachment":"scroll","background-type":"","background-media":"","overlay-type":"","overlay-color":"","overlay-opacity":"","overlay-gradient":""},"mobile":{"background-color":"","background-image":"","background-repeat":"repeat","background-position":"center center","background-size":"auto","background-attachment":"scroll","background-type":"","background-media":"","overlay-type":"","overlay-color":"","overlay-opacity":"","overlay-gradient":""}},"ast-content-background-meta":{"desktop":{"background-color":"var(--ast-global-color-5)","background-image":"","background-repeat":"repeat","background-position":"center center","background-size":"auto","background-attachment":"scroll","background-type":"","background-media":"","overlay-type":"","overlay-color":"","overlay-opacity":"","overlay-gradient":""},"tablet":{"background-color":"var(--ast-global-color-5)","background-image":"","background-repeat":"repeat","background-position":"center center","background-size":"auto","background-attachment":"scroll","background-type":"","background-media":"","overlay-type":"","overlay-color":"","overlay-opacity":"","overlay-gradient":""},"mobile":{"background-color":"var(--ast-global-color-5)","background-image":"","background-repeat":"repeat","background-position":"center center","background-size":"auto","background-attachment":"scroll","background-type":"","background-media":"","overlay-type":"","overlay-color":"","overlay-opacity":"","overlay-gradient":""}}},"product_brand":[],"product_cat":[419,425,428,421,492,427,423,438],"product_tag":[472,441,434,493,435,443,439],"class_list":{"0":"post-15892","1":"product","2":"type-product","3":"status-publish","4":"has-post-thumbnail","6":"product_cat-notebooks","7":"product_cat-a5-notebook-size","8":"product_cat-boys-notebook","9":"product_cat-cute-notebooks","10":"product_cat-dot-grid","11":"product_cat-girls-notebook","12":"product_cat-spiral-notebook","13":"product_cat-teenager-notebooks","14":"product_tag-4ino","15":"product_tag-a5-notebooks","16":"product_tag-boys-notebooks","17":"product_tag-dot-grid","18":"product_tag-girls-notebook","19":"product_tag-spiral-notebooks","20":"product_tag-teenager-notebooks","21":"desktop-align-left","22":"tablet-align-center","23":"mobile-align-center","25":"first","26":"instock","27":"shipping-taxable","28":"purchasable","29":"product-type-simple"},"uagb_featured_image_src":{"full":["https:\/\/maadcenter.co\/wp-content\/uploads\/2024\/10\/1000001091-scaled.jpg",2156,2560,false],"thumbnail":["https:\/\/maadcenter.co\/wp-content\/uploads\/2024\/10\/1000001091-150x150.jpg",150,150,true],"medium":["https:\/\/maadcenter.co\/wp-content\/uploads\/2024\/10\/1000001091-253x300.jpg",253,300,true],"medium_large":["https:\/\/maadcenter.co\/wp-content\/uploads\/2024\/10\/1000001091-768x912.jpg",768,912,true],"large":["https:\/\/maadcenter.co\/wp-content\/uploads\/2024\/10\/1000001091-862x1024.jpg",862,1024,true],"1536x1536":["https:\/\/maadcenter.co\/wp-content\/uploads\/2024\/10\/1000001091-1293x1536.jpg",1293,1536,true],"2048x2048":["https:\/\/maadcenter.co\/wp-content\/uploads\/2024\/10\/1000001091-1725x2048.jpg",1725,2048,true],"trp-custom-language-flag":["https:\/\/maadcenter.co\/wp-content\/uploads\/2024\/10\/1000001091-10x12.jpg",10,12,true],"depicter-thumbnail":["https:\/\/maadcenter.co\/wp-content\/uploads\/2024\/10\/1000001091-200x238.jpg",200,238,true],"woocommerce_thumbnail":["https:\/\/maadcenter.co\/wp-content\/uploads\/2024\/10\/1000001091-500x500.jpg",500,500,true],"woocommerce_single":["https:\/\/maadcenter.co\/wp-content\/uploads\/2024\/10\/1000001091-600x713.jpg",600,713,true],"woocommerce_gallery_thumbnail":["https:\/\/maadcenter.co\/wp-content\/uploads\/2024\/10\/1000001091-100x100.jpg",100,100,true],"variation_swatches_image_size":["https:\/\/maadcenter.co\/wp-content\/uploads\/2024\/10\/1000001091-scaled.jpg",42,50,false],"variation_swatches_tooltip_size":["https:\/\/maadcenter.co\/wp-content\/uploads\/2024\/10\/1000001091-scaled.jpg",84,100,false],"dgwt-wcas-product-suggestion":["https:\/\/maadcenter.co\/wp-content\/uploads\/2024\/10\/1000001091-64x76.jpg",64,76,true]},"uagb_author_info":{"display_name":"Online sales Agent","author_link":"https:\/\/maadcenter.co\/krd\/author\/"},"uagb_comment_info":0,"uagb_excerpt":"\ud83d\udcd3 4ino Notebook \u2013 A5, Dot Grid \u2728 The 4ino A5 Dot Grid Notebook is perfect for creating neat, structured notes and designs. Its dot grid format helps improve clarity and organization, making it ideal for sketching, journaling, or planning projects. Dot Grid: Great for precise designs and notes. A5 Size: Compact and portable for&hellip;","_links":{"self":[{"href":"https:\/\/maadcenter.co\/krd\/wp-json\/wp\/v2\/product\/15892","targetHints":{"allow":["GET"]}}],"collection":[{"href":"https:\/\/maadcenter.co\/krd\/wp-json\/wp\/v2\/product"}],"about":[{"href":"https:\/\/maadcenter.co\/krd\/wp-json\/wp\/v2\/types\/product"}],"replies":[{"embeddable":true,"href":"https:\/\/maadcenter.co\/krd\/wp-json\/wp\/v2\/comments?post=15892"}],"wp:featuredmedia":[{"embeddable":true,"href":"https:\/\/maadcenter.co\/krd\/wp-json\/wp\/v2\/media\/15907"}],"wp:attachment":[{"href":"https:\/\/maadcenter.co\/krd\/wp-json\/wp\/v2\/media?parent=15892"}],"wp:term":[{"taxonomy":"product_brand","embeddable":true,"href":"https:\/\/maadcenter.co\/krd\/wp-json\/wp\/v2\/product_brand?post=15892"},{"taxonomy":"product_cat","embeddable":true,"href":"https:\/\/maadcenter.co\/krd\/wp-json\/wp\/v2\/product_cat?post=15892"},{"taxonomy":"product_tag","embeddable":true,"href":"https:\/\/maadcenter.co\/krd\/wp-json\/wp\/v2\/product_tag?post=15892"}],"curies":[{"name":"wp","href":"https:\/\/api.w.org\/{rel}","templated":true}]}}