{"id":17191,"date":"2024-11-21T14:59:00","date_gmt":"2024-11-21T11:59:00","guid":{"rendered":"https:\/\/maadcenter.co\/?post_type=product&#038;p=17191"},"modified":"2025-08-19T19:59:37","modified_gmt":"2025-08-19T16:59:37","slug":"microsoft-office-365-for-students-and-educators","status":"publish","type":"product","link":"https:\/\/maadcenter.co\/krd\/shop-2\/softwares\/microsoft-office-365-for-students-and-educators\/","title":{"rendered":"Microsoft Office 365 ji bo Xwendekar \u00fb Perwerdekaran + Bela\u015f ji bo saz\u00ee \u00fb xwendekar\u00ean mafdar"},"content":{"rendered":"<div class=\"main-copy l-lockup l-button\">\n<div class=\"pnl-overview__subhead\">\n<div id=\"text-279ebcdefa\" class=\"cmp-text dhig-typography-body-copy-medium\">\n<div class=\"cmp-text-editable cmp-text-editable_v2_see_more\">\n<h5>Office 365 Perwerde dihew\u00eene<\/h5>\n<p>Microsoft Teams, Office li ser web\u00ea, \u00fb OneDrive.<\/p>\n<p>Teams navendek e ji bo sohbet, erk, afirandina naverok\u00ea \u00fb xwendekar, mamoste \u00fb karmendan di pola serh\u00eal de bi hev ve gir\u00eadide.<\/p>\n<p>Hin dibistan d\u00ea bikaribin bigih\u00eejin sepan\u00ean sermasey\u00ea y\u00ean Office-\u00ea y\u00ean wek\u00ee Word, Excel, \u00fb PowerPoint j\u00ee.<\/p>\n<p>Dezgeh \u00fb xwendekar\u00ean mafdar dikarin ji bo wergirtina Office 365 Education ji bo pol\u00ea b\u00eapere qeyd bibin - tev\u00ee guhertoy\u00ean web\u00ea y\u00ean Word, Excel, PowerPoint, OneNote, Microsoft Teams, \u00fb Microsoft Copilot, digel nermalava z\u00eade \u00fb am\u00fbr\u00ean pol\u00ea.<\/p>\n<\/div>\n<\/div>\n<\/div>\n<\/div>","protected":false},"excerpt":{"rendered":"<div class=\"main-copy l-lockup l-button\">\n<div class=\"pnl-overview__subhead\">\n<div id=\"text-279ebcdefa\" class=\"cmp-text dhig-typography-body-copy-medium\">\n<div class=\"cmp-text-editable cmp-text-editable_v2_see_more\">\n<div class=\"main-copy l-lockup l-button\">\n<div class=\"pnl-overview__subhead\">\n<div id=\"text-279ebcdefa\" class=\"cmp-text dhig-typography-body-copy-medium\">\n<div class=\"cmp-text-editable cmp-text-editable_v2_see_more\">\n<h5>Office 365 Perwerde dihew\u00eene<\/h5>\n<p>Microsoft Teams, Office li ser web\u00ea, \u00fb OneDrive.<\/p>\n<p>Teams navendek e ji bo sohbet, erk, afirandina naverok\u00ea \u00fb xwendekar, mamoste \u00fb karmendan di pola serh\u00eal de bi hev ve gir\u00eadide.<\/p>\n<p>Hin dibistan d\u00ea bikaribin bigih\u00eejin sepan\u00ean sermasey\u00ea y\u00ean Office-\u00ea y\u00ean wek\u00ee Word, Excel, \u00fb PowerPoint j\u00ee.<\/p>\n<\/div>\n<\/div>\n<\/div>\n<\/div>\n<\/div>\n<\/div>\n<\/div>\n<\/div>","protected":false},"featured_media":17192,"comment_status":"open","ping_status":"closed","template":"","meta":{"_uag_custom_page_level_css":"","site-sidebar-layout":"default","site-content-layout":"","ast-site-content-layout":"default","site-content-style":"default","site-sidebar-style":"default","ast-global-header-display":"","ast-banner-title-visibility":"","ast-main-header-display":"","ast-hfb-above-header-display":"","ast-hfb-below-header-display":"","ast-hfb-mobile-header-display":"","site-post-title":"","ast-breadcrumbs-content":"","ast-featured-img":"","footer-sml-layout":"","ast-disable-related-posts":"","theme-transparent-header-meta":"default","adv-header-id-meta":"","stick-header-meta":"","header-above-stick-meta":"","header-main-stick-meta":"","header-below-stick-meta":"","astra-migrate-meta-layouts":"set","ast-page-background-enabled":"default","ast-page-background-meta":{"desktop":{"background-color":"","background-image":"","background-repeat":"repeat","background-position":"center center","background-size":"auto","background-attachment":"scroll","background-type":"","background-media":"","overlay-type":"","overlay-color":"","overlay-opacity":"","overlay-gradient":""},"tablet":{"background-color":"","background-image":"","background-repeat":"repeat","background-position":"center center","background-size":"auto","background-attachment":"scroll","background-type":"","background-media":"","overlay-type":"","overlay-color":"","overlay-opacity":"","overlay-gradient":""},"mobile":{"background-color":"","background-image":"","background-repeat":"repeat","background-position":"center center","background-size":"auto","background-attachment":"scroll","background-type":"","background-media":"","overlay-type":"","overlay-color":"","overlay-opacity":"","overlay-gradient":""}},"ast-content-background-meta":{"desktop":{"background-color":"var(--ast-global-color-5)","background-image":"","background-repeat":"repeat","background-position":"center center","background-size":"auto","background-attachment":"scroll","background-type":"","background-media":"","overlay-type":"","overlay-color":"","overlay-opacity":"","overlay-gradient":""},"tablet":{"background-color":"var(--ast-global-color-5)","background-image":"","background-repeat":"repeat","background-position":"center center","background-size":"auto","background-attachment":"scroll","background-type":"","background-media":"","overlay-type":"","overlay-color":"","overlay-opacity":"","overlay-gradient":""},"mobile":{"background-color":"var(--ast-global-color-5)","background-image":"","background-repeat":"repeat","background-position":"center center","background-size":"auto","background-attachment":"scroll","background-type":"","background-media":"","overlay-type":"","overlay-color":"","overlay-opacity":"","overlay-gradient":""}}},"product_brand":[],"product_cat":[603],"product_tag":[],"class_list":{"0":"post-17191","1":"product","2":"type-product","3":"status-publish","4":"has-post-thumbnail","6":"product_cat-softwares","7":"desktop-align-left","8":"tablet-align-center","9":"mobile-align-center","11":"first","12":"instock","13":"shipping-taxable","14":"product-type-external"},"uagb_featured_image_src":{"full":["https:\/\/maadcenter.co\/wp-content\/uploads\/2024\/11\/office365edu.png",500,500,false],"thumbnail":["https:\/\/maadcenter.co\/wp-content\/uploads\/2024\/11\/office365edu-150x150.png",150,150,true],"medium":["https:\/\/maadcenter.co\/wp-content\/uploads\/2024\/11\/office365edu-300x300.png",300,300,true],"medium_large":["https:\/\/maadcenter.co\/wp-content\/uploads\/2024\/11\/office365edu.png",500,500,false],"large":["https:\/\/maadcenter.co\/wp-content\/uploads\/2024\/11\/office365edu.png",500,500,false],"1536x1536":["https:\/\/maadcenter.co\/wp-content\/uploads\/2024\/11\/office365edu.png",500,500,false],"2048x2048":["https:\/\/maadcenter.co\/wp-content\/uploads\/2024\/11\/office365edu.png",500,500,false],"trp-custom-language-flag":["https:\/\/maadcenter.co\/wp-content\/uploads\/2024\/11\/office365edu-12x12.png",12,12,true],"depicter-thumbnail":["https:\/\/maadcenter.co\/wp-content\/uploads\/2024\/11\/office365edu-200x200.png",200,200,true],"woocommerce_thumbnail":["https:\/\/maadcenter.co\/wp-content\/uploads\/2024\/11\/office365edu.png",500,500,false],"woocommerce_single":["https:\/\/maadcenter.co\/wp-content\/uploads\/2024\/11\/office365edu.png",500,500,false],"woocommerce_gallery_thumbnail":["https:\/\/maadcenter.co\/wp-content\/uploads\/2024\/11\/office365edu-100x100.png",100,100,true],"variation_swatches_image_size":["https:\/\/maadcenter.co\/wp-content\/uploads\/2024\/11\/office365edu.png",50,50,false],"variation_swatches_tooltip_size":["https:\/\/maadcenter.co\/wp-content\/uploads\/2024\/11\/office365edu.png",100,100,false],"dgwt-wcas-product-suggestion":["https:\/\/maadcenter.co\/wp-content\/uploads\/2024\/11\/office365edu-64x64.png",64,64,true]},"uagb_author_info":{"display_name":"maadcenter.co","author_link":"https:\/\/maadcenter.co\/krd\/author\/"},"uagb_comment_info":0,"uagb_excerpt":"Office 365 Education includes Microsoft Teams, Office on the web, and OneDrive. Teams is a hub for chat, assignments, content creation and connects students, teachers, and staff in an online classroom. Some schools will also have access to Office desktop apps like Word, Excel, and PowerPoint.","_links":{"self":[{"href":"https:\/\/maadcenter.co\/krd\/wp-json\/wp\/v2\/product\/17191","targetHints":{"allow":["GET"]}}],"collection":[{"href":"https:\/\/maadcenter.co\/krd\/wp-json\/wp\/v2\/product"}],"about":[{"href":"https:\/\/maadcenter.co\/krd\/wp-json\/wp\/v2\/types\/product"}],"replies":[{"embeddable":true,"href":"https:\/\/maadcenter.co\/krd\/wp-json\/wp\/v2\/comments?post=17191"}],"wp:featuredmedia":[{"embeddable":true,"href":"https:\/\/maadcenter.co\/krd\/wp-json\/wp\/v2\/media\/17192"}],"wp:attachment":[{"href":"https:\/\/maadcenter.co\/krd\/wp-json\/wp\/v2\/media?parent=17191"}],"wp:term":[{"taxonomy":"product_brand","embeddable":true,"href":"https:\/\/maadcenter.co\/krd\/wp-json\/wp\/v2\/product_brand?post=17191"},{"taxonomy":"product_cat","embeddable":true,"href":"https:\/\/maadcenter.co\/krd\/wp-json\/wp\/v2\/product_cat?post=17191"},{"taxonomy":"product_tag","embeddable":true,"href":"https:\/\/maadcenter.co\/krd\/wp-json\/wp\/v2\/product_tag?post=17191"}],"curies":[{"name":"wp","href":"https:\/\/api.w.org\/{rel}","templated":true}]}}