{"id":31903,"date":"2025-08-12T11:09:55","date_gmt":"2025-08-12T08:09:55","guid":{"rendered":"https:\/\/maadcenter.co\/?post_type=product&#038;p=31903"},"modified":"2025-08-12T11:09:56","modified_gmt":"2025-08-12T08:09:56","slug":"bishe-school-backpack-for-girls-boys-17","status":"publish","type":"product","link":"https:\/\/maadcenter.co\/krd\/shop-2\/brand\/bishe\/bishe-school-backpack-for-girls-boys-17\/","title":{"rendered":"BISHE \u2013 \u062c\u0627\u0646\u062a\u0627\u06cc \u067e\u0634\u062a\u06cc \u0642\u0648\u062a\u0627\u0628\u062e\u0627\u0646\u06d5 \u0628\u06c6 \u06a9\u0686\u0627\u0646 \u0648 \u06a9\u0648\u0695\u0627\u0646"},"content":{"rendered":"<p data-start=\"107\" data-end=\"164\"><strong data-start=\"107\" data-end=\"164\">\u00c7enteya pi\u015ft\u00ea (40\u00d730\u00d719cm) \u2013 D\u00eezayna 2-di-1\u00ea de ji bo temen\u00ean 13\u201325+ sal\u00ee<\/strong><\/p>\n<p data-start=\"166\" data-end=\"332\">Ev \u00e7enteya pi\u015ft\u00ea ya rojane ya piral\u00ee ji bo ciwanan \u00fb mezin\u00ean ciwan b\u00eak\u00eamah\u00ee ye. W\u00ea wek\u00ee \u00e7enteyek\u00ea bikar b\u00eenin an j\u00ee wek\u00ee \u00e7enteyek\u00ea hilgirin - \u00eedeal ji bo dibistan, zan\u00eengeh, r\u00eaw\u00eet\u00ee, an j\u00ee kar\u00ean rojane.<\/p>\n<p data-start=\"334\" data-end=\"539\">Ji madey\u00ean may\u00eende hatiye \u00e7\u00eakirin <strong data-start=\"352\" data-end=\"368\">quma\u015f\u00ea naylon<\/strong>, it&#8217;s lightweight, long-lasting, and easy to clean. Features include a smooth zipper closure, built-in laptop holder, and side bottle pocket to keep essentials organized.<\/p>\n<h3 data-start=\"541\" data-end=\"558\">\u062a\u0627\u06cc\u0628\u06d5\u062a\u0645\u06d5\u0646\u062f\u06cc\u06cc\u06d5 \u0633\u06d5\u0631\u06d5\u06a9\u06cc\u06cc\u06d5\u06a9\u0627\u0646:<\/h3>\n<ul data-start=\"559\" data-end=\"764\">\n<li data-start=\"559\" data-end=\"584\">\n<p data-start=\"561\" data-end=\"584\"><strong data-start=\"561\" data-end=\"569\">\u0642\u06cc\u0627\u0633<\/strong>: 40\u00d730\u00d719 cm<\/p>\n<\/li>\n<li data-start=\"585\" data-end=\"625\">\n<p data-start=\"587\" data-end=\"625\"><strong data-start=\"587\" data-end=\"603\">2-di-1\u00ea de hilgirtin<\/strong>\u00c7enteya pi\u015ft\u00ea \u00fb \u00e7enteya destan<\/p>\n<\/li>\n<li data-start=\"626\" data-end=\"656\">\n<p data-start=\"628\" data-end=\"656\"><strong data-start=\"628\" data-end=\"654\">Materyal\u00ea naylon\u00ea y\u00ea domdar<\/strong><\/p>\n<\/li>\n<li data-start=\"657\" data-end=\"686\">\n<p data-start=\"659\" data-end=\"686\"><strong data-start=\"659\" data-end=\"684\">\u0632\u0646\u062c\u06cc\u0631\u06d5\u06a9\u06d5\u06cc \u0628\u06d5 \u0626\u0627\u0633\u0627\u0646\u06cc \u062f\u0627\u062f\u06d5\u062e\u0631\u06ce\u062a<\/strong><\/p>\n<\/li>\n<li data-start=\"687\" data-end=\"724\">\n<p data-start=\"689\" data-end=\"724\"><strong data-start=\"689\" data-end=\"722\">Gir\u00eader\u00ea laptop\u00ea \u00fb b\u00ear\u00eeka \u015f\u00fb\u015fey\u00ea<\/strong><\/p>\n<\/li>\n<li data-start=\"725\" data-end=\"764\">\n<p data-start=\"727\" data-end=\"764\"><strong data-start=\"727\" data-end=\"764\">Ji bo dibistan, kar \u00fb r\u00eaw\u00eetiy\u00ea b\u00eak\u00eamas\u00ee ye<\/strong><\/p>\n<\/li>\n<\/ul>\n<p data-start=\"766\" data-end=\"850\">Bi v\u00ea \u00e7enteya pi\u015ft\u00ea ya hem\u00fb-di-yek de bir\u00eaxistin, \u015f\u00eawaz \u00fb ji bo her ti\u015ft\u00ee amade bim\u00eene.<\/p>","protected":false},"excerpt":{"rendered":"<p data-start=\"38\" data-end=\"94\"><strong data-start=\"38\" data-end=\"76\">\u00c7enteya pi\u015ft\u00ea ya naylon\u00ea 2-di-1 de (40\u00d730\u00d719cm)<\/strong><br data-start=\"76\" data-end=\"79\" \/>Ji bo temen\u00ean 13\u201325+ sal\u00ee<\/p>\n<p data-start=\"96\" data-end=\"309\">Stylish and functional, this lightweight nylon backpack can be worn as a backpack or carried as a handbag. It features a laptop holder, bottle pocket, and smooth zipper closure\u2014perfect for school, work, or travel.<\/p>","protected":false},"featured_media":31904,"comment_status":"open","ping_status":"closed","template":"","meta":{"_uag_custom_page_level_css":"","site-sidebar-layout":"default","site-content-layout":"","ast-site-content-layout":"default","site-content-style":"default","site-sidebar-style":"default","ast-global-header-display":"","ast-banner-title-visibility":"","ast-main-header-display":"","ast-hfb-above-header-display":"","ast-hfb-below-header-display":"","ast-hfb-mobile-header-display":"","site-post-title":"","ast-breadcrumbs-content":"","ast-featured-img":"","footer-sml-layout":"","ast-disable-related-posts":"","theme-transparent-header-meta":"default","adv-header-id-meta":"","stick-header-meta":"","header-above-stick-meta":"","header-main-stick-meta":"","header-below-stick-meta":"","astra-migrate-meta-layouts":"set","ast-page-background-enabled":"default","ast-page-background-meta":{"desktop":{"background-color":"","background-image":"","background-repeat":"repeat","background-position":"center center","background-size":"auto","background-attachment":"scroll","background-type":"","background-media":"","overlay-type":"","overlay-color":"","overlay-opacity":"","overlay-gradient":""},"tablet":{"background-color":"","background-image":"","background-repeat":"repeat","background-position":"center center","background-size":"auto","background-attachment":"scroll","background-type":"","background-media":"","overlay-type":"","overlay-color":"","overlay-opacity":"","overlay-gradient":""},"mobile":{"background-color":"","background-image":"","background-repeat":"repeat","background-position":"center center","background-size":"auto","background-attachment":"scroll","background-type":"","background-media":"","overlay-type":"","overlay-color":"","overlay-opacity":"","overlay-gradient":""}},"ast-content-background-meta":{"desktop":{"background-color":"var(--ast-global-color-5)","background-image":"","background-repeat":"repeat","background-position":"center center","background-size":"auto","background-attachment":"scroll","background-type":"","background-media":"","overlay-type":"","overlay-color":"","overlay-opacity":"","overlay-gradient":""},"tablet":{"background-color":"var(--ast-global-color-5)","background-image":"","background-repeat":"repeat","background-position":"center center","background-size":"auto","background-attachment":"scroll","background-type":"","background-media":"","overlay-type":"","overlay-color":"","overlay-opacity":"","overlay-gradient":""},"mobile":{"background-color":"var(--ast-global-color-5)","background-image":"","background-repeat":"repeat","background-position":"center center","background-size":"auto","background-attachment":"scroll","background-type":"","background-media":"","overlay-type":"","overlay-color":"","overlay-opacity":"","overlay-gradient":""}}},"product_brand":[],"product_cat":[39,78,1419,166,184,99,92,77,76],"product_tag":[1420,103,178,245,241],"class_list":{"0":"post-31903","1":"product","2":"type-product","3":"status-publish","4":"has-post-thumbnail","6":"product_cat-bags","7":"product_cat-school-backpacks","8":"product_cat-bishe","9":"product_cat-brand","10":"product_cat-college-backpack","11":"product_cat-fashion","12":"product_cat-laptop-backpacks","13":"product_cat-school-bag-for-boys","14":"product_cat-school-bag-for-girls","15":"product_tag-bishe","16":"product_tag-laptop-backpack","17":"product_tag-school-backpack","18":"product_tag-school-backpack-for-boys","19":"product_tag-school-backpack-for-girls","20":"desktop-align-left","21":"tablet-align-center","22":"mobile-align-center","24":"first","25":"instock","26":"shipping-taxable","27":"purchasable","28":"product-type-simple"},"uagb_featured_image_src":{"full":["https:\/\/maadcenter.co\/wp-content\/uploads\/2025\/08\/PXL_20250805_165830146.jpg",1800,1800,false],"thumbnail":["https:\/\/maadcenter.co\/wp-content\/uploads\/2025\/08\/PXL_20250805_165830146-150x150.jpg",150,150,true],"medium":["https:\/\/maadcenter.co\/wp-content\/uploads\/2025\/08\/PXL_20250805_165830146-300x300.jpg",300,300,true],"medium_large":["https:\/\/maadcenter.co\/wp-content\/uploads\/2025\/08\/PXL_20250805_165830146-768x768.jpg",768,768,true],"large":["https:\/\/maadcenter.co\/wp-content\/uploads\/2025\/08\/PXL_20250805_165830146-1024x1024.jpg",1024,1024,true],"1536x1536":["https:\/\/maadcenter.co\/wp-content\/uploads\/2025\/08\/PXL_20250805_165830146-1536x1536.jpg",1536,1536,true],"2048x2048":["https:\/\/maadcenter.co\/wp-content\/uploads\/2025\/08\/PXL_20250805_165830146.jpg",1800,1800,false],"trp-custom-language-flag":["https:\/\/maadcenter.co\/wp-content\/uploads\/2025\/08\/PXL_20250805_165830146-12x12.jpg",12,12,true],"depicter-thumbnail":["https:\/\/maadcenter.co\/wp-content\/uploads\/2025\/08\/PXL_20250805_165830146-200x200.jpg",200,200,true],"woocommerce_thumbnail":["https:\/\/maadcenter.co\/wp-content\/uploads\/2025\/08\/PXL_20250805_165830146-500x500.jpg",500,500,true],"woocommerce_single":["https:\/\/maadcenter.co\/wp-content\/uploads\/2025\/08\/PXL_20250805_165830146-600x600.jpg",600,600,true],"woocommerce_gallery_thumbnail":["https:\/\/maadcenter.co\/wp-content\/uploads\/2025\/08\/PXL_20250805_165830146-100x100.jpg",100,100,true],"variation_swatches_image_size":["https:\/\/maadcenter.co\/wp-content\/uploads\/2025\/08\/PXL_20250805_165830146-50x50.jpg",50,50,true],"variation_swatches_tooltip_size":["https:\/\/maadcenter.co\/wp-content\/uploads\/2025\/08\/PXL_20250805_165830146-100x100.jpg",100,100,true],"dgwt-wcas-product-suggestion":["https:\/\/maadcenter.co\/wp-content\/uploads\/2025\/08\/PXL_20250805_165830146-64x64.jpg",64,64,true]},"uagb_author_info":{"display_name":"Online sales Agent","author_link":"https:\/\/maadcenter.co\/krd\/author\/"},"uagb_comment_info":0,"uagb_excerpt":"2-in-1 Nylon Backpack (40\u00d730\u00d719cm)For Ages 13\u201325+ Stylish and functional, this lightweight nylon backpack can be worn as a backpack or carried as a handbag. It features a laptop holder, bottle pocket, and smooth zipper closure\u2014perfect for school, work, or travel.","_links":{"self":[{"href":"https:\/\/maadcenter.co\/krd\/wp-json\/wp\/v2\/product\/31903","targetHints":{"allow":["GET"]}}],"collection":[{"href":"https:\/\/maadcenter.co\/krd\/wp-json\/wp\/v2\/product"}],"about":[{"href":"https:\/\/maadcenter.co\/krd\/wp-json\/wp\/v2\/types\/product"}],"replies":[{"embeddable":true,"href":"https:\/\/maadcenter.co\/krd\/wp-json\/wp\/v2\/comments?post=31903"}],"wp:featuredmedia":[{"embeddable":true,"href":"https:\/\/maadcenter.co\/krd\/wp-json\/wp\/v2\/media\/31904"}],"wp:attachment":[{"href":"https:\/\/maadcenter.co\/krd\/wp-json\/wp\/v2\/media?parent=31903"}],"wp:term":[{"taxonomy":"product_brand","embeddable":true,"href":"https:\/\/maadcenter.co\/krd\/wp-json\/wp\/v2\/product_brand?post=31903"},{"taxonomy":"product_cat","embeddable":true,"href":"https:\/\/maadcenter.co\/krd\/wp-json\/wp\/v2\/product_cat?post=31903"},{"taxonomy":"product_tag","embeddable":true,"href":"https:\/\/maadcenter.co\/krd\/wp-json\/wp\/v2\/product_tag?post=31903"}],"curies":[{"name":"wp","href":"https:\/\/api.w.org\/{rel}","templated":true}]}}